{"id":920,"date":"2022-07-21T14:24:13","date_gmt":"2022-07-21T14:24:13","guid":{"rendered":"https:\/\/www.hypertera.com\/?product=kopiokalvo-a4-1-ltk-100"},"modified":"2022-07-21T14:24:50","modified_gmt":"2022-07-21T14:24:50","slug":"kopiokalvo-a4-1-ltk-100","status":"publish","type":"product","link":"https:\/\/www.hypertera.com\/?product=kopiokalvo-a4-1-ltk-100","title":{"rendered":"Kopiokalvo, A4, 1 ltk\/100"},"content":{"rendered":"<p>Yleiskalvo mustavalkokopiointiin, my\u00f6s sarjasy\u00f6tt\u00f6. Vesipohjainen pinnoite molemmilla puolilla. Paksuus 100 my.<\/p>\n","protected":false},"excerpt":{"rendered":"<p>Yleiskalvo mustavalkokopiointiin, my\u00f6s sarjasy\u00f6tt\u00f6. Vesipohjainen pinnoite molemmilla puolilla. Paksuus 100 my.<\/p>\n","protected":false},"featured_media":921,"comment_status":"closed","ping_status":"closed","template":"","meta":[],"product_brand":[],"product_cat":[325,30,128,16],"product_tag":[326],"class_list":{"0":"post-920","1":"product","2":"type-product","3":"status-publish","4":"has-post-thumbnail","6":"product_cat-kopio-ja-monitoimikalvot","7":"product_cat-toimistotarvikkeet","8":"product_cat-tulostus-ja-kopiopaperit-kalvot","9":"product_cat-tuotteet","10":"product_tag-kopiokalvot","12":"first","13":"outofstock","14":"purchasable","15":"product-type-simple"},"jetpack_sharing_enabled":true,"_links":{"self":[{"href":"https:\/\/www.hypertera.com\/index.php?rest_route=\/wp\/v2\/product\/920","targetHints":{"allow":["GET"]}}],"collection":[{"href":"https:\/\/www.hypertera.com\/index.php?rest_route=\/wp\/v2\/product"}],"about":[{"href":"https:\/\/www.hypertera.com\/index.php?rest_route=\/wp\/v2\/types\/product"}],"replies":[{"embeddable":true,"href":"https:\/\/www.hypertera.com\/index.php?rest_route=%2Fwp%2Fv2%2Fcomments&post=920"}],"wp:featuredmedia":[{"embeddable":true,"href":"https:\/\/www.hypertera.com\/index.php?rest_route=\/wp\/v2\/media\/921"}],"wp:attachment":[{"href":"https:\/\/www.hypertera.com\/index.php?rest_route=%2Fwp%2Fv2%2Fmedia&parent=920"}],"wp:term":[{"taxonomy":"product_brand","embeddable":true,"href":"https:\/\/www.hypertera.com\/index.php?rest_route=%2Fwp%2Fv2%2Fproduct_brand&post=920"},{"taxonomy":"product_cat","embeddable":true,"href":"https:\/\/www.hypertera.com\/index.php?rest_route=%2Fwp%2Fv2%2Fproduct_cat&post=920"},{"taxonomy":"product_tag","embeddable":true,"href":"https:\/\/www.hypertera.com\/index.php?rest_route=%2Fwp%2Fv2%2Fproduct_tag&post=920"}],"curies":[{"name":"wp","href":"https:\/\/api.w.org\/{rel}","templated":true}]}}