{"id":910,"date":"2022-07-21T14:24:13","date_gmt":"2022-07-21T14:24:13","guid":{"rendered":"https:\/\/www.hypertera.com\/?product=koottava-mappi-a4-50mm-koottava-musta"},"modified":"2022-07-21T14:24:13","modified_gmt":"2022-07-21T14:24:13","slug":"koottava-mappi-a4-50mm-koottava-musta","status":"publish","type":"product","link":"https:\/\/www.hypertera.com\/?product=koottava-mappi-a4-50mm-koottava-musta","title":{"rendered":"Koottava mappi A4, 50mm, koottava musta"},"content":{"rendered":"<p>Loistava keksint\u00f6 silloin kun s\u00e4ilyt\u00e4t mappeja ennen kuin niit\u00e4 tarvitset. Koottavat mapit s\u00e4\u00e4st\u00e4v\u00e4t tilaa varastossa ja ne on helppo koota kun mappia tarvitaan. Metallivahvistukset mapin alalaidassa ja napakka sulkijamekanismi. A4 koko, leveys 50 mm. Eco-sarjan mapit on valmistettu kartongista joka on p\u00e4\u00e4llystetty polypropeenikalvolla. Myyntier\u00e4 kymmenen mappia.<\/p>\n","protected":false},"excerpt":{"rendered":"<p>F-Office Mappi, 1 pkt\/10<\/p>\n","protected":false},"featured_media":911,"comment_status":"closed","ping_status":"closed","template":"","meta":[],"product_brand":[],"product_cat":[31,323,30,16],"product_tag":[324],"class_list":{"0":"post-910","1":"product","2":"type-product","3":"status-publish","4":"has-post-thumbnail","6":"product_cat-kansiot-ja-mapit","7":"product_cat-muut-mapit","8":"product_cat-toimistotarvikkeet","9":"product_cat-tuotteet","10":"product_tag-mapit","12":"first","13":"instock","14":"purchasable","15":"product-type-simple"},"jetpack_sharing_enabled":true,"_links":{"self":[{"href":"https:\/\/www.hypertera.com\/index.php?rest_route=\/wp\/v2\/product\/910","targetHints":{"allow":["GET"]}}],"collection":[{"href":"https:\/\/www.hypertera.com\/index.php?rest_route=\/wp\/v2\/product"}],"about":[{"href":"https:\/\/www.hypertera.com\/index.php?rest_route=\/wp\/v2\/types\/product"}],"replies":[{"embeddable":true,"href":"https:\/\/www.hypertera.com\/index.php?rest_route=%2Fwp%2Fv2%2Fcomments&post=910"}],"wp:featuredmedia":[{"embeddable":true,"href":"https:\/\/www.hypertera.com\/index.php?rest_route=\/wp\/v2\/media\/911"}],"wp:attachment":[{"href":"https:\/\/www.hypertera.com\/index.php?rest_route=%2Fwp%2Fv2%2Fmedia&parent=910"}],"wp:term":[{"taxonomy":"product_brand","embeddable":true,"href":"https:\/\/www.hypertera.com\/index.php?rest_route=%2Fwp%2Fv2%2Fproduct_brand&post=910"},{"taxonomy":"product_cat","embeddable":true,"href":"https:\/\/www.hypertera.com\/index.php?rest_route=%2Fwp%2Fv2%2Fproduct_cat&post=910"},{"taxonomy":"product_tag","embeddable":true,"href":"https:\/\/www.hypertera.com\/index.php?rest_route=%2Fwp%2Fv2%2Fproduct_tag&post=910"}],"curies":[{"name":"wp","href":"https:\/\/api.w.org\/{rel}","templated":true}]}}