{"id":838,"date":"2022-07-21T14:21:57","date_gmt":"2022-07-21T14:21:57","guid":{"rendered":"https:\/\/www.hypertera.com\/?product=kiikarit-konus-vivisport-16x32"},"modified":"2022-07-21T14:22:05","modified_gmt":"2022-07-21T14:22:05","slug":"kiikarit-konus-vivisport-16x32","status":"publish","type":"product","link":"https:\/\/www.hypertera.com\/?product=kiikarit-konus-vivisport-16x32","title":{"rendered":"Kiikarit, Konus ViviSport 16&#215;32"},"content":{"rendered":"<p>Pienikokoiset kiikarit poikkeuksellisen suurella suurennoksella. Kiikarit on tarkoitettu erityisesti urheilu-, konsertti- ja muiden tapahtumien seuraamiseen kauemmilta rivist\u00f6ilt\u00e4. Vivisport-kiikarit ovat hieman kookkaammat kuin minikiikarit, eiv\u00e4tk\u00e4 ne taitu kasaan, mutta toisaalta ne antavat paremman katselunautinnon.  Paketissa on mukana kantopussi ja linssien puhdistusliina.<\/p>\n","protected":false},"excerpt":{"rendered":"<p>Konus ViviSport 16&#215;32 Kiikarit<\/p>\n","protected":false},"featured_media":839,"comment_status":"closed","ping_status":"closed","template":"","meta":[],"product_brand":[],"product_cat":[290,17,16],"product_tag":[291],"class_list":{"0":"post-838","1":"product","2":"type-product","3":"status-publish","4":"has-post-thumbnail","6":"product_cat-kiikarit","7":"product_cat-laitteet-tekniikka","8":"product_cat-tuotteet","9":"product_tag-kiikarit","11":"first","12":"instock","13":"purchasable","14":"product-type-simple"},"jetpack_sharing_enabled":true,"_links":{"self":[{"href":"https:\/\/www.hypertera.com\/index.php?rest_route=\/wp\/v2\/product\/838","targetHints":{"allow":["GET"]}}],"collection":[{"href":"https:\/\/www.hypertera.com\/index.php?rest_route=\/wp\/v2\/product"}],"about":[{"href":"https:\/\/www.hypertera.com\/index.php?rest_route=\/wp\/v2\/types\/product"}],"replies":[{"embeddable":true,"href":"https:\/\/www.hypertera.com\/index.php?rest_route=%2Fwp%2Fv2%2Fcomments&post=838"}],"wp:featuredmedia":[{"embeddable":true,"href":"https:\/\/www.hypertera.com\/index.php?rest_route=\/wp\/v2\/media\/839"}],"wp:attachment":[{"href":"https:\/\/www.hypertera.com\/index.php?rest_route=%2Fwp%2Fv2%2Fmedia&parent=838"}],"wp:term":[{"taxonomy":"product_brand","embeddable":true,"href":"https:\/\/www.hypertera.com\/index.php?rest_route=%2Fwp%2Fv2%2Fproduct_brand&post=838"},{"taxonomy":"product_cat","embeddable":true,"href":"https:\/\/www.hypertera.com\/index.php?rest_route=%2Fwp%2Fv2%2Fproduct_cat&post=838"},{"taxonomy":"product_tag","embeddable":true,"href":"https:\/\/www.hypertera.com\/index.php?rest_route=%2Fwp%2Fv2%2Fproduct_tag&post=838"}],"curies":[{"name":"wp","href":"https:\/\/api.w.org\/{rel}","templated":true}]}}