{"id":828,"date":"2022-07-21T14:21:20","date_gmt":"2022-07-21T14:21:20","guid":{"rendered":"https:\/\/www.hypertera.com\/?product=kiikarit-konus-basic-10x25"},"modified":"2022-07-21T14:21:53","modified_gmt":"2022-07-21T14:21:53","slug":"kiikarit-konus-basic-10x25","status":"publish","type":"product","link":"https:\/\/www.hypertera.com\/?product=kiikarit-konus-basic-10x25","title":{"rendered":"Kiikarit, Konus Basic 10&#215;25"},"content":{"rendered":"<p>Pienikokoiset kiikarit 10-kertaisella suurennoksella, ja moninkertaisella Ruby-p\u00e4\u00e4llystyksell\u00e4 heijastusten v\u00e4hent\u00e4miseksi. Tarkennusmekanismi l\u00f6ytyy kiikarin keskelt\u00e4. Erillisi\u00e4 tarkennuksia silmille ei ole.<\/p>\n","protected":false},"excerpt":{"rendered":"<p>10&#215;25 Konus Basic Kiikarit<\/p>\n","protected":false},"featured_media":829,"comment_status":"closed","ping_status":"closed","template":"","meta":[],"product_brand":[],"product_cat":[290,17,16],"product_tag":[291],"class_list":{"0":"post-828","1":"product","2":"type-product","3":"status-publish","4":"has-post-thumbnail","6":"product_cat-kiikarit","7":"product_cat-laitteet-tekniikka","8":"product_cat-tuotteet","9":"product_tag-kiikarit","11":"first","12":"outofstock","13":"purchasable","14":"product-type-simple"},"jetpack_sharing_enabled":true,"_links":{"self":[{"href":"https:\/\/www.hypertera.com\/index.php?rest_route=\/wp\/v2\/product\/828","targetHints":{"allow":["GET"]}}],"collection":[{"href":"https:\/\/www.hypertera.com\/index.php?rest_route=\/wp\/v2\/product"}],"about":[{"href":"https:\/\/www.hypertera.com\/index.php?rest_route=\/wp\/v2\/types\/product"}],"replies":[{"embeddable":true,"href":"https:\/\/www.hypertera.com\/index.php?rest_route=%2Fwp%2Fv2%2Fcomments&post=828"}],"wp:featuredmedia":[{"embeddable":true,"href":"https:\/\/www.hypertera.com\/index.php?rest_route=\/wp\/v2\/media\/829"}],"wp:attachment":[{"href":"https:\/\/www.hypertera.com\/index.php?rest_route=%2Fwp%2Fv2%2Fmedia&parent=828"}],"wp:term":[{"taxonomy":"product_brand","embeddable":true,"href":"https:\/\/www.hypertera.com\/index.php?rest_route=%2Fwp%2Fv2%2Fproduct_brand&post=828"},{"taxonomy":"product_cat","embeddable":true,"href":"https:\/\/www.hypertera.com\/index.php?rest_route=%2Fwp%2Fv2%2Fproduct_cat&post=828"},{"taxonomy":"product_tag","embeddable":true,"href":"https:\/\/www.hypertera.com\/index.php?rest_route=%2Fwp%2Fv2%2Fproduct_tag&post=828"}],"curies":[{"name":"wp","href":"https:\/\/api.w.org\/{rel}","templated":true}]}}