{"id":82,"date":"2022-07-21T13:38:54","date_gmt":"2022-07-21T13:38:54","guid":{"rendered":"https:\/\/www.hypertera.com\/?product=asiakaskyna-economy-sini-valkoinen"},"modified":"2022-07-21T13:39:21","modified_gmt":"2022-07-21T13:39:21","slug":"asiakaskyna-economy-sini-valkoinen","status":"publish","type":"product","link":"https:\/\/www.hypertera.com\/?product=asiakaskyna-economy-sini-valkoinen","title":{"rendered":"Asiakaskyn\u00e4 Economy, sini-valkoinen"},"content":{"rendered":"<p>Kevyt kuulak\u00e4rkikyn\u00e4 asiakask\u00e4ytt\u00f6\u00f6n. Pehme\u00e4 muoviketju ja kevyt teline. Kyn\u00e4n voi asettaa telineeseen niin vaaka- kuin pystyasennossa, tai jopa k\u00e4rki yl\u00f6sp\u00e4in. Pohjassa on kevyt tarrapintainen muovi, joka est\u00e4\u00e4 telinett\u00e4 liukumasta. K\u00e4rjen paksuus on 0.7 mm. Sininen muste.<\/p>\n","protected":false},"excerpt":{"rendered":"<p>Sini-valkoinen F-Office Economy Asiakaskyn\u00e4<\/p>\n","protected":false},"featured_media":83,"comment_status":"closed","ping_status":"closed","template":"","meta":[],"product_brand":[],"product_cat":[57,60,59,56,58,30,16],"product_tag":[61],"class_list":{"0":"post-82","1":"product","2":"type-product","3":"status-publish","4":"has-post-thumbnail","6":"product_cat-asiakaskynattuotteet","7":"product_cat-kuulamustekynat","8":"product_cat-kynat-toimistotarvikkeet-asiakaskynattuotteet","9":"product_cat-kynat","10":"product_cat-toimistotarvikkeet-asiakaskynattuotteet","11":"product_cat-toimistotarvikkeet","12":"product_cat-tuotteet","13":"product_tag-asiakaskynat","15":"first","16":"instock","17":"purchasable","18":"product-type-simple"},"jetpack_sharing_enabled":true,"_links":{"self":[{"href":"https:\/\/www.hypertera.com\/index.php?rest_route=\/wp\/v2\/product\/82","targetHints":{"allow":["GET"]}}],"collection":[{"href":"https:\/\/www.hypertera.com\/index.php?rest_route=\/wp\/v2\/product"}],"about":[{"href":"https:\/\/www.hypertera.com\/index.php?rest_route=\/wp\/v2\/types\/product"}],"replies":[{"embeddable":true,"href":"https:\/\/www.hypertera.com\/index.php?rest_route=%2Fwp%2Fv2%2Fcomments&post=82"}],"wp:featuredmedia":[{"embeddable":true,"href":"https:\/\/www.hypertera.com\/index.php?rest_route=\/wp\/v2\/media\/83"}],"wp:attachment":[{"href":"https:\/\/www.hypertera.com\/index.php?rest_route=%2Fwp%2Fv2%2Fmedia&parent=82"}],"wp:term":[{"taxonomy":"product_brand","embeddable":true,"href":"https:\/\/www.hypertera.com\/index.php?rest_route=%2Fwp%2Fv2%2Fproduct_brand&post=82"},{"taxonomy":"product_cat","embeddable":true,"href":"https:\/\/www.hypertera.com\/index.php?rest_route=%2Fwp%2Fv2%2Fproduct_cat&post=82"},{"taxonomy":"product_tag","embeddable":true,"href":"https:\/\/www.hypertera.com\/index.php?rest_route=%2Fwp%2Fv2%2Fproduct_tag&post=82"}],"curies":[{"name":"wp","href":"https:\/\/api.w.org\/{rel}","templated":true}]}}