{"id":792,"date":"2022-07-21T14:20:17","date_gmt":"2022-07-21T14:20:17","guid":{"rendered":"https:\/\/www.hypertera.com\/?product=kestotarra-avery-l6129-halkaisija-30mm-hopeinen-1-pkt-960"},"modified":"2022-07-21T14:20:19","modified_gmt":"2022-07-21T14:20:19","slug":"kestotarra-avery-l6129-halkaisija-30mm-hopeinen-1-pkt-960","status":"publish","type":"product","link":"https:\/\/www.hypertera.com\/?product=kestotarra-avery-l6129-halkaisija-30mm-hopeinen-1-pkt-960","title":{"rendered":"Kestotarra, Avery L6129, halkaisija 30mm, hopeinen, 1 pkt\/960"},"content":{"rendered":"<p>Eritt\u00e4in vahvoja py\u00f6reit\u00e4 tarroja tuotteidesi ja omaisuutesi tarroittamiseen. Hopep\u00e4\u00e4llysteiset tarrat antavat ammattimaisen ja pitk\u00e4kestoisen vaikutelman. Sopii ulko- ja sis\u00e4k\u00e4ytt\u00f6\u00f6n, kest\u00e4\u00e4 \u00f6ljy\u00e4, likaa, UV-s\u00e4teily\u00e4, s\u00e4\u00e4n kesto -40 &#8211; +150 celsiusta.<\/p>\n","protected":false},"excerpt":{"rendered":"<p>Hopeinen Avery L6129 halkaisija 30mm Kestotarra, 1 pkt\/960<\/p>\n","protected":false},"featured_media":793,"comment_status":"closed","ping_status":"closed","template":"","meta":[],"product_brand":[],"product_cat":[15],"product_tag":[279],"class_list":{"0":"post-792","1":"product","2":"type-product","3":"status-publish","4":"has-post-thumbnail","6":"product_cat-uncategorized","7":"product_tag-kestotarrat","9":"first","10":"instock","11":"purchasable","12":"product-type-simple"},"jetpack_sharing_enabled":true,"_links":{"self":[{"href":"https:\/\/www.hypertera.com\/index.php?rest_route=\/wp\/v2\/product\/792","targetHints":{"allow":["GET"]}}],"collection":[{"href":"https:\/\/www.hypertera.com\/index.php?rest_route=\/wp\/v2\/product"}],"about":[{"href":"https:\/\/www.hypertera.com\/index.php?rest_route=\/wp\/v2\/types\/product"}],"replies":[{"embeddable":true,"href":"https:\/\/www.hypertera.com\/index.php?rest_route=%2Fwp%2Fv2%2Fcomments&post=792"}],"wp:featuredmedia":[{"embeddable":true,"href":"https:\/\/www.hypertera.com\/index.php?rest_route=\/wp\/v2\/media\/793"}],"wp:attachment":[{"href":"https:\/\/www.hypertera.com\/index.php?rest_route=%2Fwp%2Fv2%2Fmedia&parent=792"}],"wp:term":[{"taxonomy":"product_brand","embeddable":true,"href":"https:\/\/www.hypertera.com\/index.php?rest_route=%2Fwp%2Fv2%2Fproduct_brand&post=792"},{"taxonomy":"product_cat","embeddable":true,"href":"https:\/\/www.hypertera.com\/index.php?rest_route=%2Fwp%2Fv2%2Fproduct_cat&post=792"},{"taxonomy":"product_tag","embeddable":true,"href":"https:\/\/www.hypertera.com\/index.php?rest_route=%2Fwp%2Fv2%2Fproduct_tag&post=792"}],"curies":[{"name":"wp","href":"https:\/\/api.w.org\/{rel}","templated":true}]}}