{"id":790,"date":"2022-07-21T14:20:17","date_gmt":"2022-07-21T14:20:17","guid":{"rendered":"https:\/\/www.hypertera.com\/?product=kestotarra-avery-l6128-halkaisija-30mm-keltainen-1-pkt-960"},"modified":"2022-07-21T14:20:18","modified_gmt":"2022-07-21T14:20:18","slug":"kestotarra-avery-l6128-halkaisija-30mm-keltainen-1-pkt-960","status":"publish","type":"product","link":"https:\/\/www.hypertera.com\/?product=kestotarra-avery-l6128-halkaisija-30mm-keltainen-1-pkt-960","title":{"rendered":"Kestotarra, Avery L6128, halkaisija 30mm, keltainen, 1 pkt\/960"},"content":{"rendered":"<p>Eritt\u00e4in vahvoja py\u00f6reit\u00e4 keltaisia tarroja tuotteidesi ja omaisuutesi tarroittamiseen. Sopii erinomaisesti mm. varoituskylttien tekoon, tai huomotarroiksi tuotteen s\u00e4rkyvyyden tai kunnon huomioimiseksi. Sopii ulko- ja sis\u00e4k\u00e4ytt\u00f6\u00f6n, kest\u00e4\u00e4 \u00f6ljy\u00e4, likaa, UV-s\u00e4teily\u00e4, s\u00e4\u00e4n kesto -20 &#8211; +80 celsiusta. Tarran halkaisija 30mm. Sopii Laser tulostimelle.<\/p>\n","protected":false},"excerpt":{"rendered":"<p>Keltainen Avery L6128 halkaisija 30mm Kestotarra, 1 pkt\/960<\/p>\n","protected":false},"featured_media":791,"comment_status":"closed","ping_status":"closed","template":"","meta":[],"product_brand":[],"product_cat":[15],"product_tag":[279],"class_list":{"0":"post-790","1":"product","2":"type-product","3":"status-publish","4":"has-post-thumbnail","6":"product_cat-uncategorized","7":"product_tag-kestotarrat","9":"first","10":"instock","11":"purchasable","12":"product-type-simple"},"jetpack_sharing_enabled":true,"_links":{"self":[{"href":"https:\/\/www.hypertera.com\/index.php?rest_route=\/wp\/v2\/product\/790","targetHints":{"allow":["GET"]}}],"collection":[{"href":"https:\/\/www.hypertera.com\/index.php?rest_route=\/wp\/v2\/product"}],"about":[{"href":"https:\/\/www.hypertera.com\/index.php?rest_route=\/wp\/v2\/types\/product"}],"replies":[{"embeddable":true,"href":"https:\/\/www.hypertera.com\/index.php?rest_route=%2Fwp%2Fv2%2Fcomments&post=790"}],"wp:featuredmedia":[{"embeddable":true,"href":"https:\/\/www.hypertera.com\/index.php?rest_route=\/wp\/v2\/media\/791"}],"wp:attachment":[{"href":"https:\/\/www.hypertera.com\/index.php?rest_route=%2Fwp%2Fv2%2Fmedia&parent=790"}],"wp:term":[{"taxonomy":"product_brand","embeddable":true,"href":"https:\/\/www.hypertera.com\/index.php?rest_route=%2Fwp%2Fv2%2Fproduct_brand&post=790"},{"taxonomy":"product_cat","embeddable":true,"href":"https:\/\/www.hypertera.com\/index.php?rest_route=%2Fwp%2Fv2%2Fproduct_cat&post=790"},{"taxonomy":"product_tag","embeddable":true,"href":"https:\/\/www.hypertera.com\/index.php?rest_route=%2Fwp%2Fv2%2Fproduct_tag&post=790"}],"curies":[{"name":"wp","href":"https:\/\/api.w.org\/{rel}","templated":true}]}}