{"id":762,"date":"2022-07-21T14:18:21","date_gmt":"2022-07-21T14:18:21","guid":{"rendered":"https:\/\/www.hypertera.com\/?product=kassalipas-connect-255-x-200-x-90-sininen"},"modified":"2022-07-21T14:18:46","modified_gmt":"2022-07-21T14:18:46","slug":"kassalipas-connect-255-x-200-x-90-sininen","status":"publish","type":"product","link":"https:\/\/www.hypertera.com\/?product=kassalipas-connect-255-x-200-x-90-sininen","title":{"rendered":"Kassalipas, Connect, 255 x 200 x 90, sininen"},"content":{"rendered":"<p>Materiaali ter\u00e4st\u00e4. Kantokahva. Kassalippaan sis\u00e4ll\u00e4 muovinen lokerikko kolikoita varten. 2 avainta.<\/p>\n","protected":false},"excerpt":{"rendered":"<p>Materiaali ter\u00e4st\u00e4. Kantokahva. Kassalippaan sis\u00e4ll\u00e4 muovinen lokerikko kolikoita varten. 2 avainta.<\/p>\n","protected":false},"featured_media":763,"comment_status":"closed","ping_status":"closed","template":"","meta":[],"product_brand":[],"product_cat":[259,76,30,16],"product_tag":[260],"class_list":{"0":"post-762","1":"product","2":"type-product","3":"status-publish","4":"has-post-thumbnail","6":"product_cat-kassalippaat","7":"product_cat-toimiston-pientarvikkeet-toimistotarvikkeet","8":"product_cat-toimistotarvikkeet","9":"product_cat-tuotteet","10":"product_tag-kassalippaat","12":"first","13":"outofstock","14":"purchasable","15":"product-type-simple"},"jetpack_sharing_enabled":true,"_links":{"self":[{"href":"https:\/\/www.hypertera.com\/index.php?rest_route=\/wp\/v2\/product\/762","targetHints":{"allow":["GET"]}}],"collection":[{"href":"https:\/\/www.hypertera.com\/index.php?rest_route=\/wp\/v2\/product"}],"about":[{"href":"https:\/\/www.hypertera.com\/index.php?rest_route=\/wp\/v2\/types\/product"}],"replies":[{"embeddable":true,"href":"https:\/\/www.hypertera.com\/index.php?rest_route=%2Fwp%2Fv2%2Fcomments&post=762"}],"wp:featuredmedia":[{"embeddable":true,"href":"https:\/\/www.hypertera.com\/index.php?rest_route=\/wp\/v2\/media\/763"}],"wp:attachment":[{"href":"https:\/\/www.hypertera.com\/index.php?rest_route=%2Fwp%2Fv2%2Fmedia&parent=762"}],"wp:term":[{"taxonomy":"product_brand","embeddable":true,"href":"https:\/\/www.hypertera.com\/index.php?rest_route=%2Fwp%2Fv2%2Fproduct_brand&post=762"},{"taxonomy":"product_cat","embeddable":true,"href":"https:\/\/www.hypertera.com\/index.php?rest_route=%2Fwp%2Fv2%2Fproduct_cat&post=762"},{"taxonomy":"product_tag","embeddable":true,"href":"https:\/\/www.hypertera.com\/index.php?rest_route=%2Fwp%2Fv2%2Fproduct_tag&post=762"}],"curies":[{"name":"wp","href":"https:\/\/api.w.org\/{rel}","templated":true}]}}