{"id":730,"date":"2022-07-21T14:17:56","date_gmt":"2022-07-21T14:17:56","guid":{"rendered":"https:\/\/www.hypertera.com\/?product=kartonkilautanen-20cm-syva-siniruudut-1-pss-50"},"modified":"2022-07-21T14:17:57","modified_gmt":"2022-07-21T14:17:57","slug":"kartonkilautanen-20cm-syva-siniruudut-1-pss-50","status":"publish","type":"product","link":"https:\/\/www.hypertera.com\/?product=kartonkilautanen-20cm-syva-siniruudut-1-pss-50","title":{"rendered":"Kartonkilautanen, 20cm, syv\u00e4, siniruudut, 1 pss\/50"},"content":{"rendered":"<p>Raikkaan ruokailun t\u00e4ydent\u00e4j\u00e4, syv\u00e4 kartonkilautanen keitoille, sopille ja j\u00e4liruo&#39;ille. Lautasen halkaisija on 20 cm.<\/p>\n","protected":false},"excerpt":{"rendered":"<p>Syv\u00e4 kartonkilautanen, halkaisija 20 cm<\/p>\n","protected":false},"featured_media":731,"comment_status":"closed","ping_status":"closed","template":"","meta":[],"product_brand":[],"product_cat":[218,195,16],"product_tag":[253],"class_list":{"0":"post-730","1":"product","2":"type-product","3":"status-publish","4":"has-post-thumbnail","6":"product_cat-kertakayttoastiat","7":"product_cat-taloustarvikkeet","8":"product_cat-tuotteet","9":"product_tag-lautaset","11":"first","12":"instock","13":"purchasable","14":"product-type-simple"},"jetpack_sharing_enabled":true,"_links":{"self":[{"href":"https:\/\/www.hypertera.com\/index.php?rest_route=\/wp\/v2\/product\/730","targetHints":{"allow":["GET"]}}],"collection":[{"href":"https:\/\/www.hypertera.com\/index.php?rest_route=\/wp\/v2\/product"}],"about":[{"href":"https:\/\/www.hypertera.com\/index.php?rest_route=\/wp\/v2\/types\/product"}],"replies":[{"embeddable":true,"href":"https:\/\/www.hypertera.com\/index.php?rest_route=%2Fwp%2Fv2%2Fcomments&post=730"}],"wp:featuredmedia":[{"embeddable":true,"href":"https:\/\/www.hypertera.com\/index.php?rest_route=\/wp\/v2\/media\/731"}],"wp:attachment":[{"href":"https:\/\/www.hypertera.com\/index.php?rest_route=%2Fwp%2Fv2%2Fmedia&parent=730"}],"wp:term":[{"taxonomy":"product_brand","embeddable":true,"href":"https:\/\/www.hypertera.com\/index.php?rest_route=%2Fwp%2Fv2%2Fproduct_brand&post=730"},{"taxonomy":"product_cat","embeddable":true,"href":"https:\/\/www.hypertera.com\/index.php?rest_route=%2Fwp%2Fv2%2Fproduct_cat&post=730"},{"taxonomy":"product_tag","embeddable":true,"href":"https:\/\/www.hypertera.com\/index.php?rest_route=%2Fwp%2Fv2%2Fproduct_tag&post=730"}],"curies":[{"name":"wp","href":"https:\/\/api.w.org\/{rel}","templated":true}]}}