{"id":619,"date":"2022-07-21T14:14:25","date_gmt":"2022-07-21T14:14:25","guid":{"rendered":"https:\/\/www.hypertera.com\/?product=kaapelin-lapivientisuoja-trade-metal-cable-grommets"},"modified":"2022-07-21T14:14:36","modified_gmt":"2022-07-21T14:14:36","slug":"kaapelin-lapivientisuoja-trade-metal-cable-grommets","status":"publish","type":"product","link":"https:\/\/www.hypertera.com\/?product=kaapelin-lapivientisuoja-trade-metal-cable-grommets","title":{"rendered":"Kaapelin l\u00e4pivientisuoja, Trade metal cable grommets"},"content":{"rendered":"<p>Tyylik\u00e4s suoja kaapelien l\u00e4pivientirei\u00e4lle. Soveltuu esimerkiksi ty\u00f6p\u00f6ydille tai neuvottelup\u00f6ydille, jolloin muun muassa dataprojektorin, neuvottelupuhelimen, tietokoneen jne. kaapelit saadaan siististi viety\u00e4 p\u00f6yd\u00e4n alle. Halkaisija 80mm.<\/p>\n","protected":false},"excerpt":{"rendered":"<p>Trade metal cable grommets Kaapelin l\u00e4pivientisuoja<\/p>\n","protected":false},"featured_media":620,"comment_status":"closed","ping_status":"closed","template":"","meta":[],"product_brand":[],"product_cat":[15],"product_tag":[208],"class_list":{"0":"post-619","1":"product","2":"type-product","3":"status-publish","4":"has-post-thumbnail","6":"product_cat-uncategorized","7":"product_tag-kaapelin-lapivienti","9":"first","10":"instock","11":"purchasable","12":"product-type-simple"},"jetpack_sharing_enabled":true,"_links":{"self":[{"href":"https:\/\/www.hypertera.com\/index.php?rest_route=\/wp\/v2\/product\/619","targetHints":{"allow":["GET"]}}],"collection":[{"href":"https:\/\/www.hypertera.com\/index.php?rest_route=\/wp\/v2\/product"}],"about":[{"href":"https:\/\/www.hypertera.com\/index.php?rest_route=\/wp\/v2\/types\/product"}],"replies":[{"embeddable":true,"href":"https:\/\/www.hypertera.com\/index.php?rest_route=%2Fwp%2Fv2%2Fcomments&post=619"}],"wp:featuredmedia":[{"embeddable":true,"href":"https:\/\/www.hypertera.com\/index.php?rest_route=\/wp\/v2\/media\/620"}],"wp:attachment":[{"href":"https:\/\/www.hypertera.com\/index.php?rest_route=%2Fwp%2Fv2%2Fmedia&parent=619"}],"wp:term":[{"taxonomy":"product_brand","embeddable":true,"href":"https:\/\/www.hypertera.com\/index.php?rest_route=%2Fwp%2Fv2%2Fproduct_brand&post=619"},{"taxonomy":"product_cat","embeddable":true,"href":"https:\/\/www.hypertera.com\/index.php?rest_route=%2Fwp%2Fv2%2Fproduct_cat&post=619"},{"taxonomy":"product_tag","embeddable":true,"href":"https:\/\/www.hypertera.com\/index.php?rest_route=%2Fwp%2Fv2%2Fproduct_tag&post=619"}],"curies":[{"name":"wp","href":"https:\/\/api.w.org\/{rel}","templated":true}]}}