{"id":56,"date":"2022-07-21T13:38:54","date_gmt":"2022-07-21T13:38:54","guid":{"rendered":"https:\/\/www.hypertera.com\/?product=arkistohaarukka-metallinen-sininen-1-ltk-100"},"modified":"2022-07-21T13:38:54","modified_gmt":"2022-07-21T13:38:54","slug":"arkistohaarukka-metallinen-sininen-1-ltk-100","status":"publish","type":"product","link":"https:\/\/www.hypertera.com\/?product=arkistohaarukka-metallinen-sininen-1-ltk-100","title":{"rendered":"Arkistohaarukka, metallinen, sininen, 1 ltk\/100"},"content":{"rendered":"<p>Arkistointilevyn haarukka, joka auttaa dokumenttien koossa pysymisess\u00e4. Dokumenttien reikien v\u00e4li 80 mm. Haarukassa on sininen taustaosa, jota voi k\u00e4ytt\u00e4\u00e4 dokumenttien tukena. Haarukkaan mahtuu noin 8 cm paksuudelta dokumentteja.  Lis\u00e4ksi voi hankkia arkistointilevyn tueksi. Ne voi ostaa erikseen tuotekoodilla: ARK-FLR .   N\u00e4m\u00e4 haarukat ovat sinisi\u00e4 ja valmistettu kest\u00e4v\u00e4st\u00e4 metallista. Voidaan k\u00e4ytt\u00e4\u00e4 uudelleen. Minimitilauser\u00e4: 100<\/p>\n","protected":false},"excerpt":{"rendered":"<p>F-Office Arkistohaarukka, 1 ltk\/100<\/p>\n","protected":false},"featured_media":57,"comment_status":"closed","ping_status":"closed","template":"","meta":[],"product_brand":[],"product_cat":[32,31,30,16],"product_tag":[33],"class_list":{"0":"post-56","1":"product","2":"type-product","3":"status-publish","4":"has-post-thumbnail","6":"product_cat-arkistokotelot-ja-kansiot","7":"product_cat-kansiot-ja-mapit","8":"product_cat-toimistotarvikkeet","9":"product_cat-tuotteet","10":"product_tag-arkistohaarukat","12":"first","13":"instock","14":"purchasable","15":"product-type-simple"},"jetpack_sharing_enabled":true,"_links":{"self":[{"href":"https:\/\/www.hypertera.com\/index.php?rest_route=\/wp\/v2\/product\/56","targetHints":{"allow":["GET"]}}],"collection":[{"href":"https:\/\/www.hypertera.com\/index.php?rest_route=\/wp\/v2\/product"}],"about":[{"href":"https:\/\/www.hypertera.com\/index.php?rest_route=\/wp\/v2\/types\/product"}],"replies":[{"embeddable":true,"href":"https:\/\/www.hypertera.com\/index.php?rest_route=%2Fwp%2Fv2%2Fcomments&post=56"}],"wp:featuredmedia":[{"embeddable":true,"href":"https:\/\/www.hypertera.com\/index.php?rest_route=\/wp\/v2\/media\/57"}],"wp:attachment":[{"href":"https:\/\/www.hypertera.com\/index.php?rest_route=%2Fwp%2Fv2%2Fmedia&parent=56"}],"wp:term":[{"taxonomy":"product_brand","embeddable":true,"href":"https:\/\/www.hypertera.com\/index.php?rest_route=%2Fwp%2Fv2%2Fproduct_brand&post=56"},{"taxonomy":"product_cat","embeddable":true,"href":"https:\/\/www.hypertera.com\/index.php?rest_route=%2Fwp%2Fv2%2Fproduct_cat&post=56"},{"taxonomy":"product_tag","embeddable":true,"href":"https:\/\/www.hypertera.com\/index.php?rest_route=%2Fwp%2Fv2%2Fproduct_tag&post=56"}],"curies":[{"name":"wp","href":"https:\/\/api.w.org\/{rel}","templated":true}]}}