{"id":479,"date":"2022-07-21T14:10:27","date_gmt":"2022-07-21T14:10:27","guid":{"rendered":"https:\/\/www.hypertera.com\/?product=itsekiinnittyva-taululehtio-post-it-559-63x77cm-1-pkt-2"},"modified":"2022-07-21T14:10:29","modified_gmt":"2022-07-21T14:10:29","slug":"itsekiinnittyva-taululehtio-post-it-559-63x77cm-1-pkt-2","status":"publish","type":"product","link":"https:\/\/www.hypertera.com\/?product=itsekiinnittyva-taululehtio-post-it-559-63x77cm-1-pkt-2","title":{"rendered":"Itsekiinnittyv\u00e4 taululehti\u00f6, Post-it 559, 63x77cm, 1 pkt\/2"},"content":{"rendered":"<p>Taululehti\u00f6 kaikkiin tiloihin! Arkit on helppo irrottaa ja kiinnitt\u00e4\u00e4 suoraan sein\u00e4lle. Tarttuvat useimpiin sein\u00e4pintoihin ja voidaan irrottaa j\u00e4lki\u00e4 j\u00e4tt\u00e4m\u00e4tt\u00e4. Tussin kest\u00e4v\u00e4 paperi (ei imeydy l\u00e4pi), taustapahvi. 30 arkkia lehti\u00f6ss\u00e4.<\/p>\n","protected":false},"excerpt":{"rendered":"<p>J\u00e4ttipost-it lappu: itsekiinnittyv\u00e4 taululehti\u00f6<\/p>\n","protected":false},"featured_media":480,"comment_status":"closed","ping_status":"closed","template":"","meta":[],"product_brand":[],"product_cat":[84,180,30,16],"product_tag":[181],"class_list":{"0":"post-479","1":"product","2":"type-product","3":"status-publish","4":"has-post-thumbnail","6":"product_cat-lehtiot-ja-vihkot","7":"product_cat-muut-lehtiot","8":"product_cat-toimistotarvikkeet","9":"product_cat-tuotteet","10":"product_tag-taululehtiot","12":"first","13":"instock","14":"purchasable","15":"product-type-simple"},"jetpack_sharing_enabled":true,"_links":{"self":[{"href":"https:\/\/www.hypertera.com\/index.php?rest_route=\/wp\/v2\/product\/479","targetHints":{"allow":["GET"]}}],"collection":[{"href":"https:\/\/www.hypertera.com\/index.php?rest_route=\/wp\/v2\/product"}],"about":[{"href":"https:\/\/www.hypertera.com\/index.php?rest_route=\/wp\/v2\/types\/product"}],"replies":[{"embeddable":true,"href":"https:\/\/www.hypertera.com\/index.php?rest_route=%2Fwp%2Fv2%2Fcomments&post=479"}],"wp:featuredmedia":[{"embeddable":true,"href":"https:\/\/www.hypertera.com\/index.php?rest_route=\/wp\/v2\/media\/480"}],"wp:attachment":[{"href":"https:\/\/www.hypertera.com\/index.php?rest_route=%2Fwp%2Fv2%2Fmedia&parent=479"}],"wp:term":[{"taxonomy":"product_brand","embeddable":true,"href":"https:\/\/www.hypertera.com\/index.php?rest_route=%2Fwp%2Fv2%2Fproduct_brand&post=479"},{"taxonomy":"product_cat","embeddable":true,"href":"https:\/\/www.hypertera.com\/index.php?rest_route=%2Fwp%2Fv2%2Fproduct_cat&post=479"},{"taxonomy":"product_tag","embeddable":true,"href":"https:\/\/www.hypertera.com\/index.php?rest_route=%2Fwp%2Fv2%2Fproduct_tag&post=479"}],"curies":[{"name":"wp","href":"https:\/\/api.w.org\/{rel}","templated":true}]}}