{"id":443,"date":"2022-07-21T14:09:34","date_gmt":"2022-07-21T14:09:34","guid":{"rendered":"https:\/\/www.hypertera.com\/?product=ikkunakuori-postac-e4-ste4ah9535-valkoinen-1-ltk-500"},"modified":"2022-07-21T14:09:49","modified_gmt":"2022-07-21T14:09:49","slug":"ikkunakuori-postac-e4-ste4ah9535-valkoinen-1-ltk-500","status":"publish","type":"product","link":"https:\/\/www.hypertera.com\/?product=ikkunakuori-postac-e4-ste4ah9535-valkoinen-1-ltk-500","title":{"rendered":"Ikkunakuori, Postac E4 STE4AH9535, valkoinen, 1 ltk\/500"},"content":{"rendered":"<p>Ikkunallinen tasal\u00e4pp\u00e4inen tarrakuori irrotettavalla suojateipill\u00e4 sisuspainatuksella. Kuoren koko 220 x 312 mm, ikkunan koko 95 x 35 mm. Ikkunan sijainti 40 mm vasemmalta ja 107 mm ylh\u00e4\u00e4lt\u00e4.<\/p>\n","protected":false},"excerpt":{"rendered":"<p>Ikkunallinen tasal\u00e4pp\u00e4inen tarrakuori irrotettavalla suojateipill\u00e4 sisuspainatuksella. Kuoren koko 220 x 312 mm, ikkunan koko 95 x 35 mm. Ikkunan sijainti 40 mm vasemmalta ja 107 mm ylh\u00e4\u00e4lt\u00e4.<\/p>\n","protected":false},"featured_media":444,"comment_status":"closed","ping_status":"closed","template":"","meta":[],"product_brand":[],"product_cat":[15],"product_tag":[168],"class_list":{"0":"post-443","1":"product","2":"type-product","3":"status-publish","4":"has-post-thumbnail","6":"product_cat-uncategorized","7":"product_tag-ikkunakuoret","9":"first","10":"outofstock","11":"purchasable","12":"product-type-simple"},"jetpack_sharing_enabled":true,"_links":{"self":[{"href":"https:\/\/www.hypertera.com\/index.php?rest_route=\/wp\/v2\/product\/443","targetHints":{"allow":["GET"]}}],"collection":[{"href":"https:\/\/www.hypertera.com\/index.php?rest_route=\/wp\/v2\/product"}],"about":[{"href":"https:\/\/www.hypertera.com\/index.php?rest_route=\/wp\/v2\/types\/product"}],"replies":[{"embeddable":true,"href":"https:\/\/www.hypertera.com\/index.php?rest_route=%2Fwp%2Fv2%2Fcomments&post=443"}],"wp:featuredmedia":[{"embeddable":true,"href":"https:\/\/www.hypertera.com\/index.php?rest_route=\/wp\/v2\/media\/444"}],"wp:attachment":[{"href":"https:\/\/www.hypertera.com\/index.php?rest_route=%2Fwp%2Fv2%2Fmedia&parent=443"}],"wp:term":[{"taxonomy":"product_brand","embeddable":true,"href":"https:\/\/www.hypertera.com\/index.php?rest_route=%2Fwp%2Fv2%2Fproduct_brand&post=443"},{"taxonomy":"product_cat","embeddable":true,"href":"https:\/\/www.hypertera.com\/index.php?rest_route=%2Fwp%2Fv2%2Fproduct_cat&post=443"},{"taxonomy":"product_tag","embeddable":true,"href":"https:\/\/www.hypertera.com\/index.php?rest_route=%2Fwp%2Fv2%2Fproduct_tag&post=443"}],"curies":[{"name":"wp","href":"https:\/\/api.w.org\/{rel}","templated":true}]}}