{"id":44,"date":"2022-07-21T13:38:01","date_gmt":"2022-07-21T13:38:01","guid":{"rendered":"https:\/\/www.hypertera.com\/?product=adapteri-vanson-ac-dc-adaptor-vaihdettava-liitin"},"modified":"2022-07-21T13:38:37","modified_gmt":"2022-07-21T13:38:37","slug":"adapteri-vanson-ac-dc-adaptor-vaihdettava-liitin","status":"publish","type":"product","link":"https:\/\/www.hypertera.com\/?product=adapteri-vanson-ac-dc-adaptor-vaihdettava-liitin","title":{"rendered":"Adapteri, Vanson, AC\/DC Adaptor, vaihdettava liitin"},"content":{"rendered":"<p>Adapteri vaihdettavalla liitiimell\u00e4. Voit k\u00e4ytt\u00e4\u00e4 adapteria digikameran, kannettavien soittimen tai tv:n virtal\u00e4hteen\u00e4. AC\/DC Adaptor. Input: 100-240V AC 50\/60Hz Output: 3\/4.5\/5V DC 2500mA; 6\/6.5V DC 2000mA; 7V DC 1900mA<\/p>\n","protected":false},"excerpt":{"rendered":"<p>Vaihdettava liitin Vanson AC\/DC Adaptor Adapteri<\/p>\n","protected":false},"featured_media":45,"comment_status":"closed","ping_status":"closed","template":"","meta":[],"product_brand":[],"product_cat":[15],"product_tag":[26],"class_list":{"0":"post-44","1":"product","2":"type-product","3":"status-publish","4":"has-post-thumbnail","6":"product_cat-uncategorized","7":"product_tag-adapterit","9":"first","10":"instock","11":"purchasable","12":"product-type-simple"},"jetpack_sharing_enabled":true,"_links":{"self":[{"href":"https:\/\/www.hypertera.com\/index.php?rest_route=\/wp\/v2\/product\/44","targetHints":{"allow":["GET"]}}],"collection":[{"href":"https:\/\/www.hypertera.com\/index.php?rest_route=\/wp\/v2\/product"}],"about":[{"href":"https:\/\/www.hypertera.com\/index.php?rest_route=\/wp\/v2\/types\/product"}],"replies":[{"embeddable":true,"href":"https:\/\/www.hypertera.com\/index.php?rest_route=%2Fwp%2Fv2%2Fcomments&post=44"}],"wp:featuredmedia":[{"embeddable":true,"href":"https:\/\/www.hypertera.com\/index.php?rest_route=\/wp\/v2\/media\/45"}],"wp:attachment":[{"href":"https:\/\/www.hypertera.com\/index.php?rest_route=%2Fwp%2Fv2%2Fmedia&parent=44"}],"wp:term":[{"taxonomy":"product_brand","embeddable":true,"href":"https:\/\/www.hypertera.com\/index.php?rest_route=%2Fwp%2Fv2%2Fproduct_brand&post=44"},{"taxonomy":"product_cat","embeddable":true,"href":"https:\/\/www.hypertera.com\/index.php?rest_route=%2Fwp%2Fv2%2Fproduct_cat&post=44"},{"taxonomy":"product_tag","embeddable":true,"href":"https:\/\/www.hypertera.com\/index.php?rest_route=%2Fwp%2Fv2%2Fproduct_tag&post=44"}],"curies":[{"name":"wp","href":"https:\/\/api.w.org\/{rel}","templated":true}]}}