{"id":439,"date":"2022-07-21T14:09:34","date_gmt":"2022-07-21T14:09:34","guid":{"rendered":"https:\/\/www.hypertera.com\/?product=hyppynaru-arctifit-motion-2-8m-2x250g-sininen"},"modified":"2022-07-21T14:09:38","modified_gmt":"2022-07-21T14:09:38","slug":"hyppynaru-arctifit-motion-2-8m-2x250g-sininen","status":"publish","type":"product","link":"https:\/\/www.hypertera.com\/?product=hyppynaru-arctifit-motion-2-8m-2x250g-sininen","title":{"rendered":"Hyppynaru, Arctifit Motion, 2.8m, 2x250g, sininen"},"content":{"rendered":"<p>Hyppynaru kuntoilijoille! Kokonaispituus 2.8 metri\u00e4. Molempien kahvojen sis\u00e4ll\u00e4 on 250 gramman rautapainot. Kahvoissa on pehmyt pinnoitus. Naru on PP-muovia.<\/p>\n","protected":false},"excerpt":{"rendered":"<p>Sininen Arctifit Motion 2.8m 2x250g Hyppynaru<\/p>\n","protected":false},"featured_media":440,"comment_status":"closed","ping_status":"closed","template":"","meta":[],"product_brand":[],"product_cat":[15],"product_tag":[167],"class_list":{"0":"post-439","1":"product","2":"type-product","3":"status-publish","4":"has-post-thumbnail","6":"product_cat-uncategorized","7":"product_tag-hyppynarut","9":"first","10":"instock","11":"purchasable","12":"product-type-simple"},"jetpack_sharing_enabled":true,"_links":{"self":[{"href":"https:\/\/www.hypertera.com\/index.php?rest_route=\/wp\/v2\/product\/439","targetHints":{"allow":["GET"]}}],"collection":[{"href":"https:\/\/www.hypertera.com\/index.php?rest_route=\/wp\/v2\/product"}],"about":[{"href":"https:\/\/www.hypertera.com\/index.php?rest_route=\/wp\/v2\/types\/product"}],"replies":[{"embeddable":true,"href":"https:\/\/www.hypertera.com\/index.php?rest_route=%2Fwp%2Fv2%2Fcomments&post=439"}],"wp:featuredmedia":[{"embeddable":true,"href":"https:\/\/www.hypertera.com\/index.php?rest_route=\/wp\/v2\/media\/440"}],"wp:attachment":[{"href":"https:\/\/www.hypertera.com\/index.php?rest_route=%2Fwp%2Fv2%2Fmedia&parent=439"}],"wp:term":[{"taxonomy":"product_brand","embeddable":true,"href":"https:\/\/www.hypertera.com\/index.php?rest_route=%2Fwp%2Fv2%2Fproduct_brand&post=439"},{"taxonomy":"product_cat","embeddable":true,"href":"https:\/\/www.hypertera.com\/index.php?rest_route=%2Fwp%2Fv2%2Fproduct_cat&post=439"},{"taxonomy":"product_tag","embeddable":true,"href":"https:\/\/www.hypertera.com\/index.php?rest_route=%2Fwp%2Fv2%2Fproduct_tag&post=439"}],"curies":[{"name":"wp","href":"https:\/\/api.w.org\/{rel}","templated":true}]}}