{"id":42,"date":"2022-07-21T13:38:01","date_gmt":"2022-07-21T13:38:01","guid":{"rendered":"https:\/\/www.hypertera.com\/?product=adapteri-stereo-3-5mm-uros-2x-3-5mm-naaras-musta"},"modified":"2022-07-21T13:38:36","modified_gmt":"2022-07-21T13:38:36","slug":"adapteri-stereo-3-5mm-uros-2x-3-5mm-naaras-musta","status":"publish","type":"product","link":"https:\/\/www.hypertera.com\/?product=adapteri-stereo-3-5mm-uros-2x-3-5mm-naaras-musta","title":{"rendered":"Adapteri, Stereo, 3.5mm uros \/ 2x 3.5mm naaras, musta"},"content":{"rendered":"<p>Adapteri 3.5mm liittimille. Adapterissa 2kpl 3,5mm naaras liitint\u00e4 ja 1kpl 3,5mm uros liitin. T\u00e4ll\u00e4 adapterilla voit kytke\u00e4 esim. mp3-soittimesi kaksille kuulokkeille tai kuulokkeille ja kaiuttimille.<\/p>\n","protected":false},"excerpt":{"rendered":"<p>Musta Stereo 3.5mm uros \/ 2x 3.5mm naaras Adapteri<\/p>\n","protected":false},"featured_media":43,"comment_status":"closed","ping_status":"closed","template":"","meta":[],"product_brand":[],"product_cat":[15],"product_tag":[26],"class_list":{"0":"post-42","1":"product","2":"type-product","3":"status-publish","4":"has-post-thumbnail","6":"product_cat-uncategorized","7":"product_tag-adapterit","9":"first","10":"instock","11":"purchasable","12":"product-type-simple"},"jetpack_sharing_enabled":true,"_links":{"self":[{"href":"https:\/\/www.hypertera.com\/index.php?rest_route=\/wp\/v2\/product\/42","targetHints":{"allow":["GET"]}}],"collection":[{"href":"https:\/\/www.hypertera.com\/index.php?rest_route=\/wp\/v2\/product"}],"about":[{"href":"https:\/\/www.hypertera.com\/index.php?rest_route=\/wp\/v2\/types\/product"}],"replies":[{"embeddable":true,"href":"https:\/\/www.hypertera.com\/index.php?rest_route=%2Fwp%2Fv2%2Fcomments&post=42"}],"wp:featuredmedia":[{"embeddable":true,"href":"https:\/\/www.hypertera.com\/index.php?rest_route=\/wp\/v2\/media\/43"}],"wp:attachment":[{"href":"https:\/\/www.hypertera.com\/index.php?rest_route=%2Fwp%2Fv2%2Fmedia&parent=42"}],"wp:term":[{"taxonomy":"product_brand","embeddable":true,"href":"https:\/\/www.hypertera.com\/index.php?rest_route=%2Fwp%2Fv2%2Fproduct_brand&post=42"},{"taxonomy":"product_cat","embeddable":true,"href":"https:\/\/www.hypertera.com\/index.php?rest_route=%2Fwp%2Fv2%2Fproduct_cat&post=42"},{"taxonomy":"product_tag","embeddable":true,"href":"https:\/\/www.hypertera.com\/index.php?rest_route=%2Fwp%2Fv2%2Fproduct_tag&post=42"}],"curies":[{"name":"wp","href":"https:\/\/api.w.org\/{rel}","templated":true}]}}