{"id":365,"date":"2022-07-21T14:07:18","date_gmt":"2022-07-21T14:07:18","guid":{"rendered":"https:\/\/www.hypertera.com\/?product=heijastinpidike-matin-m-7205-50-136-cm"},"modified":"2022-07-21T14:07:44","modified_gmt":"2022-07-21T14:07:44","slug":"heijastinpidike-matin-m-7205-50-136-cm","status":"publish","type":"product","link":"https:\/\/www.hypertera.com\/?product=heijastinpidike-matin-m-7205-50-136-cm","title":{"rendered":"Heijastinpidike, Matin M-7205, 50-136 cm"},"content":{"rendered":"<p>S\u00e4\u00e4dett\u00e4v\u00e4 heijastinpinnan pidike valokuvaukseen, tai esimerkiksi henkil\u00f6haastattelujen videokuvaukseen. Soveltuu s\u00e4\u00e4t\u00f6mahdollisuutensa vuoksi kaikille 56 &#8211; 136 cm leveille heijastinpinnoille. Kevyen painon &#8211; 400 grammaa &#8211; nasiosta soveltuu my\u00f6s mukaan kuvauskeikoille.  Kiinnitet\u00e4\u00e4n Spigot-liittimell\u00e4, esimerkiksi valaisinjalkaan.<\/p>\n","protected":false},"excerpt":{"rendered":"<p>Matin M-7205 50-136 cm Heijastinpidike<\/p>\n","protected":false},"featured_media":366,"comment_status":"closed","ping_status":"closed","template":"","meta":[],"product_brand":[],"product_cat":[15],"product_tag":[152],"class_list":{"0":"post-365","1":"product","2":"type-product","3":"status-publish","4":"has-post-thumbnail","6":"product_cat-uncategorized","7":"product_tag-heijastinpidikkeet","9":"first","10":"instock","11":"purchasable","12":"product-type-simple"},"jetpack_sharing_enabled":true,"_links":{"self":[{"href":"https:\/\/www.hypertera.com\/index.php?rest_route=\/wp\/v2\/product\/365","targetHints":{"allow":["GET"]}}],"collection":[{"href":"https:\/\/www.hypertera.com\/index.php?rest_route=\/wp\/v2\/product"}],"about":[{"href":"https:\/\/www.hypertera.com\/index.php?rest_route=\/wp\/v2\/types\/product"}],"replies":[{"embeddable":true,"href":"https:\/\/www.hypertera.com\/index.php?rest_route=%2Fwp%2Fv2%2Fcomments&post=365"}],"wp:featuredmedia":[{"embeddable":true,"href":"https:\/\/www.hypertera.com\/index.php?rest_route=\/wp\/v2\/media\/366"}],"wp:attachment":[{"href":"https:\/\/www.hypertera.com\/index.php?rest_route=%2Fwp%2Fv2%2Fmedia&parent=365"}],"wp:term":[{"taxonomy":"product_brand","embeddable":true,"href":"https:\/\/www.hypertera.com\/index.php?rest_route=%2Fwp%2Fv2%2Fproduct_brand&post=365"},{"taxonomy":"product_cat","embeddable":true,"href":"https:\/\/www.hypertera.com\/index.php?rest_route=%2Fwp%2Fv2%2Fproduct_cat&post=365"},{"taxonomy":"product_tag","embeddable":true,"href":"https:\/\/www.hypertera.com\/index.php?rest_route=%2Fwp%2Fv2%2Fproduct_tag&post=365"}],"curies":[{"name":"wp","href":"https:\/\/api.w.org\/{rel}","templated":true}]}}