{"id":3110,"date":"2022-07-21T15:40:17","date_gmt":"2022-07-21T15:40:17","guid":{"rendered":"https:\/\/www.hypertera.com\/?product=yleismikrokuituliina-scotch-brite-805"},"modified":"2022-07-21T15:40:23","modified_gmt":"2022-07-21T15:40:23","slug":"yleismikrokuituliina-scotch-brite-805","status":"publish","type":"product","link":"https:\/\/www.hypertera.com\/?product=yleismikrokuituliina-scotch-brite-805","title":{"rendered":"Yleismikrokuituliina, Scotch-Brite 805"},"content":{"rendered":"<p>Yleismikrokuituliina sopii kaikille pinnoille. Ei naarmuta arkojakaan pintoja. Poistaa p\u00f6lyn, lian ja rasvan. Erinomainen p\u00f6lyjen pyyhint\u00e4\u00e4n esim. tietokoneen tai television n\u00e4ytt\u00f6ruudulta. Luontoyst\u00e4v\u00e4llinen, voidaan k\u00e4ytt\u00e4\u00e4 ilman puhdistusainetta. Voidaan konepest\u00e4 max 95 asteessa ja kest\u00e4\u00e4 valkaisuaineita. Liinan mitat: 30cm x 32cm.<\/p>\n","protected":false},"excerpt":{"rendered":"<p>Scotch-Brite 805 yleismikrokuituliina<\/p>\n","protected":false},"featured_media":3111,"comment_status":"closed","ping_status":"closed","template":"","meta":[],"product_brand":[],"product_cat":[15],"product_tag":[270],"class_list":{"0":"post-3110","1":"product","2":"type-product","3":"status-publish","4":"has-post-thumbnail","6":"product_cat-uncategorized","7":"product_tag-mikrokuituliinat","9":"first","10":"instock","11":"purchasable","12":"product-type-simple"},"jetpack_sharing_enabled":true,"_links":{"self":[{"href":"https:\/\/www.hypertera.com\/index.php?rest_route=\/wp\/v2\/product\/3110","targetHints":{"allow":["GET"]}}],"collection":[{"href":"https:\/\/www.hypertera.com\/index.php?rest_route=\/wp\/v2\/product"}],"about":[{"href":"https:\/\/www.hypertera.com\/index.php?rest_route=\/wp\/v2\/types\/product"}],"replies":[{"embeddable":true,"href":"https:\/\/www.hypertera.com\/index.php?rest_route=%2Fwp%2Fv2%2Fcomments&post=3110"}],"wp:featuredmedia":[{"embeddable":true,"href":"https:\/\/www.hypertera.com\/index.php?rest_route=\/wp\/v2\/media\/3111"}],"wp:attachment":[{"href":"https:\/\/www.hypertera.com\/index.php?rest_route=%2Fwp%2Fv2%2Fmedia&parent=3110"}],"wp:term":[{"taxonomy":"product_brand","embeddable":true,"href":"https:\/\/www.hypertera.com\/index.php?rest_route=%2Fwp%2Fv2%2Fproduct_brand&post=3110"},{"taxonomy":"product_cat","embeddable":true,"href":"https:\/\/www.hypertera.com\/index.php?rest_route=%2Fwp%2Fv2%2Fproduct_cat&post=3110"},{"taxonomy":"product_tag","embeddable":true,"href":"https:\/\/www.hypertera.com\/index.php?rest_route=%2Fwp%2Fv2%2Fproduct_tag&post=3110"}],"curies":[{"name":"wp","href":"https:\/\/api.w.org\/{rel}","templated":true}]}}