{"id":3092,"date":"2022-07-21T15:40:07","date_gmt":"2022-07-21T15:40:07","guid":{"rendered":"https:\/\/www.hypertera.com\/?product=wc-paperi-lotus-professional-smartone-valkoinen-1-sak-6"},"modified":"2022-07-21T15:40:07","modified_gmt":"2022-07-21T15:40:07","slug":"wc-paperi-lotus-professional-smartone-valkoinen-1-sak-6","status":"publish","type":"product","link":"https:\/\/www.hypertera.com\/?product=wc-paperi-lotus-professional-smartone-valkoinen-1-sak-6","title":{"rendered":"WC-Paperi, Lotus Professional, SmartOne, valkoinen, 1 s\u00e4k\/6"},"content":{"rendered":"<p>SmartOne-annostelija on hygieeninen, koska k\u00e4ytt\u00e4j\u00e4 koskee vain ottamaansa arkkiin. Lis\u00e4ksi arkki kerrallaan annostelu v\u00e4hent\u00e4\u00e4 kulutusta ja t\u00e4ytt\u00f6tarvetta. Hylsyn poistaminen eritt\u00e4in yksinkertaista, helppoa ja nopeaa.   Arkin koko 134&#215;207 mm, 1150 ark\/rll, 207 m\/rll, 6 rll\/s\u00e4kki. 2-kertainen.<\/p>\n","protected":false},"excerpt":{"rendered":"<p>SmartOne-annostelija on hygieeninen, koska k\u00e4ytt\u00e4j\u00e4 koskee vain ottamaansa arkkiin. Lis\u00e4ksi arkki kerrallaan annostelu v\u00e4hent\u00e4\u00e4 kulutusta ja t\u00e4ytt\u00f6tarvetta. Hylsyn poistaminen eritt\u00e4in yksinkertaista, helppoa ja nopeaa. Arkin koko 134&#215;207 mm, 1150 ark\/rll, 207 m\/rll, 6 rll\/s\u00e4kki. 2-kertainen.<\/p>\n","protected":false},"featured_media":3093,"comment_status":"closed","ping_status":"closed","template":"","meta":[],"product_brand":[],"product_cat":[195,16,893],"product_tag":[894],"class_list":{"0":"post-3092","1":"product","2":"type-product","3":"status-publish","4":"has-post-thumbnail","6":"product_cat-taloustarvikkeet","7":"product_cat-tuotteet","8":"product_cat-wc-paperit-taloustarvikkeet","9":"product_tag-wc-paperit","11":"first","12":"instock","13":"purchasable","14":"product-type-simple"},"jetpack_sharing_enabled":true,"_links":{"self":[{"href":"https:\/\/www.hypertera.com\/index.php?rest_route=\/wp\/v2\/product\/3092","targetHints":{"allow":["GET"]}}],"collection":[{"href":"https:\/\/www.hypertera.com\/index.php?rest_route=\/wp\/v2\/product"}],"about":[{"href":"https:\/\/www.hypertera.com\/index.php?rest_route=\/wp\/v2\/types\/product"}],"replies":[{"embeddable":true,"href":"https:\/\/www.hypertera.com\/index.php?rest_route=%2Fwp%2Fv2%2Fcomments&post=3092"}],"wp:featuredmedia":[{"embeddable":true,"href":"https:\/\/www.hypertera.com\/index.php?rest_route=\/wp\/v2\/media\/3093"}],"wp:attachment":[{"href":"https:\/\/www.hypertera.com\/index.php?rest_route=%2Fwp%2Fv2%2Fmedia&parent=3092"}],"wp:term":[{"taxonomy":"product_brand","embeddable":true,"href":"https:\/\/www.hypertera.com\/index.php?rest_route=%2Fwp%2Fv2%2Fproduct_brand&post=3092"},{"taxonomy":"product_cat","embeddable":true,"href":"https:\/\/www.hypertera.com\/index.php?rest_route=%2Fwp%2Fv2%2Fproduct_cat&post=3092"},{"taxonomy":"product_tag","embeddable":true,"href":"https:\/\/www.hypertera.com\/index.php?rest_route=%2Fwp%2Fv2%2Fproduct_tag&post=3092"}],"curies":[{"name":"wp","href":"https:\/\/api.w.org\/{rel}","templated":true}]}}