{"id":3084,"date":"2022-07-21T15:39:48","date_gmt":"2022-07-21T15:39:48","guid":{"rendered":"https:\/\/www.hypertera.com\/?product=varikyna-maped-colorpeps-pitka-12-varia"},"modified":"2022-07-21T15:39:54","modified_gmt":"2022-07-21T15:39:54","slug":"varikyna-maped-colorpeps-pitka-12-varia","status":"publish","type":"product","link":"https:\/\/www.hypertera.com\/?product=varikyna-maped-colorpeps-pitka-12-varia","title":{"rendered":"V\u00e4rikyn\u00e4, Maped Color\u00b4Peps, pitk\u00e4, 12 v\u00e4ri\u00e4"},"content":{"rendered":"<p>Kolmionmuotoinen kyn\u00e4 josta saa tukevan otteen. V\u00e4rilyijy on pehme\u00e4\u00e4, teroittuu helposti eik\u00e4 katkea. Kirkkaat v\u00e4rit. Ilo kirjoittaa ja piirt\u00e4\u00e4!<\/p>\n","protected":false},"excerpt":{"rendered":"<p>Kolmionmuotoinen kyn\u00e4 josta saa tukevan otteen. V\u00e4rilyijy on pehme\u00e4\u00e4, teroittuu helposti eik\u00e4 katkea. Kirkkaat v\u00e4rit. Ilo kirjoittaa ja piirt\u00e4\u00e4!<\/p>\n","protected":false},"featured_media":3085,"comment_status":"closed","ping_status":"closed","template":"","meta":[],"product_brand":[],"product_cat":[883,885,331,884,30,16,886],"product_tag":[887],"class_list":{"0":"post-3084","1":"product","2":"type-product","3":"status-publish","4":"has-post-thumbnail","6":"product_cat-korjausnauhat-korjauslakattuotteet","7":"product_cat-kynat-toimistotarvikkeet-korjausnauhat-korjauslakattuotteet","8":"product_cat-teipit-liimat-ja-korjaustarvikkeet-toimistotarvikkeet","9":"product_cat-toimistotarvikkeet-korjausnauhat-korjauslakattuotteet","10":"product_cat-toimistotarvikkeet","11":"product_cat-tuotteet","12":"product_cat-varikynat-ja-liidut","13":"product_tag-varikynat","15":"first","16":"instock","17":"purchasable","18":"product-type-simple"},"jetpack_sharing_enabled":true,"_links":{"self":[{"href":"https:\/\/www.hypertera.com\/index.php?rest_route=\/wp\/v2\/product\/3084","targetHints":{"allow":["GET"]}}],"collection":[{"href":"https:\/\/www.hypertera.com\/index.php?rest_route=\/wp\/v2\/product"}],"about":[{"href":"https:\/\/www.hypertera.com\/index.php?rest_route=\/wp\/v2\/types\/product"}],"replies":[{"embeddable":true,"href":"https:\/\/www.hypertera.com\/index.php?rest_route=%2Fwp%2Fv2%2Fcomments&post=3084"}],"wp:featuredmedia":[{"embeddable":true,"href":"https:\/\/www.hypertera.com\/index.php?rest_route=\/wp\/v2\/media\/3085"}],"wp:attachment":[{"href":"https:\/\/www.hypertera.com\/index.php?rest_route=%2Fwp%2Fv2%2Fmedia&parent=3084"}],"wp:term":[{"taxonomy":"product_brand","embeddable":true,"href":"https:\/\/www.hypertera.com\/index.php?rest_route=%2Fwp%2Fv2%2Fproduct_brand&post=3084"},{"taxonomy":"product_cat","embeddable":true,"href":"https:\/\/www.hypertera.com\/index.php?rest_route=%2Fwp%2Fv2%2Fproduct_cat&post=3084"},{"taxonomy":"product_tag","embeddable":true,"href":"https:\/\/www.hypertera.com\/index.php?rest_route=%2Fwp%2Fv2%2Fproduct_tag&post=3084"}],"curies":[{"name":"wp","href":"https:\/\/api.w.org\/{rel}","templated":true}]}}