{"id":301,"date":"2022-07-21T14:05:55","date_gmt":"2022-07-21T14:05:55","guid":{"rendered":"https:\/\/www.hypertera.com\/?product=geelikyna-pilot-g-2-f-0-7-fine-punainen"},"modified":"2022-07-21T14:06:06","modified_gmt":"2022-07-21T14:06:06","slug":"geelikyna-pilot-g-2-f-0-7-fine-punainen","status":"publish","type":"product","link":"https:\/\/www.hypertera.com\/?product=geelikyna-pilot-g-2-f-0-7-fine-punainen","title":{"rendered":"Geelikyn\u00e4, Pilot G-2 F, 0.7 fine, punainen"},"content":{"rendered":"<p>Pehme\u00e4sti juokseva geelimuste. Kuminen kirjoitustuki ja muoviklipsi musteen v\u00e4riset. Viivan leveys 0.4 mm. Vaihtos\u00e4ili\u00f6 saatavilla sinisen\u00e4 ja mustana.<\/p>\n","protected":false},"excerpt":{"rendered":"<p>Pehme\u00e4sti juokseva geelimuste. Kuminen kirjoitustuki ja muoviklipsi musteen v\u00e4riset. Viivan leveys 0.4 mm. Vaihtos\u00e4ili\u00f6 saatavilla sinisen\u00e4 ja mustana.<\/p>\n","protected":false},"featured_media":302,"comment_status":"closed","ping_status":"closed","template":"","meta":[],"product_brand":[],"product_cat":[140,56,30,16],"product_tag":[141],"class_list":{"0":"post-301","1":"product","2":"type-product","3":"status-publish","4":"has-post-thumbnail","6":"product_cat-geelikynat","7":"product_cat-kynat","8":"product_cat-toimistotarvikkeet","9":"product_cat-tuotteet","10":"product_tag-geelikynat","12":"first","13":"outofstock","14":"purchasable","15":"product-type-simple"},"jetpack_sharing_enabled":true,"_links":{"self":[{"href":"https:\/\/www.hypertera.com\/index.php?rest_route=\/wp\/v2\/product\/301","targetHints":{"allow":["GET"]}}],"collection":[{"href":"https:\/\/www.hypertera.com\/index.php?rest_route=\/wp\/v2\/product"}],"about":[{"href":"https:\/\/www.hypertera.com\/index.php?rest_route=\/wp\/v2\/types\/product"}],"replies":[{"embeddable":true,"href":"https:\/\/www.hypertera.com\/index.php?rest_route=%2Fwp%2Fv2%2Fcomments&post=301"}],"wp:featuredmedia":[{"embeddable":true,"href":"https:\/\/www.hypertera.com\/index.php?rest_route=\/wp\/v2\/media\/302"}],"wp:attachment":[{"href":"https:\/\/www.hypertera.com\/index.php?rest_route=%2Fwp%2Fv2%2Fmedia&parent=301"}],"wp:term":[{"taxonomy":"product_brand","embeddable":true,"href":"https:\/\/www.hypertera.com\/index.php?rest_route=%2Fwp%2Fv2%2Fproduct_brand&post=301"},{"taxonomy":"product_cat","embeddable":true,"href":"https:\/\/www.hypertera.com\/index.php?rest_route=%2Fwp%2Fv2%2Fproduct_cat&post=301"},{"taxonomy":"product_tag","embeddable":true,"href":"https:\/\/www.hypertera.com\/index.php?rest_route=%2Fwp%2Fv2%2Fproduct_tag&post=301"}],"curies":[{"name":"wp","href":"https:\/\/api.w.org\/{rel}","templated":true}]}}