{"id":2993,"date":"2022-07-21T15:37:34","date_gmt":"2022-07-21T15:37:34","guid":{"rendered":"https:\/\/www.hypertera.com\/?product=videotykin-kattoteline-prb-1-max-10-kg-harmaa"},"modified":"2022-07-21T15:37:34","modified_gmt":"2022-07-21T15:37:34","slug":"videotykin-kattoteline-prb-1-max-10-kg-harmaa","status":"publish","type":"product","link":"https:\/\/www.hypertera.com\/?product=videotykin-kattoteline-prb-1-max-10-kg-harmaa","title":{"rendered":"Videotykin kattoteline, PRB-1, max 10 kg, harmaa"},"content":{"rendered":"<p>Videotykin kattoteline, PRB-1, harmaa, kantavuus: 10kg Helppo asentaa, k\u00e4\u00e4ntyy t\u00e4ydet 360 astetta vasemmalle ja oikealle. Voidaan s\u00e4\u00e4t\u00e4\u00e4 yl\u00f6s ja alasp\u00e4in +\/- 15 astetta.  Huomaa, ett\u00e4 kattoasennus vaatii dataprojektorilta mahdollisuuden projisoida kuva yl\u00f6salaisin. T\u00e4m\u00e4 toiminto l\u00f6ytyy k\u00e4yt\u00e4nn\u00f6ss\u00e4 kaikista suhteellisenkin uusista dataprojekteroista, mutta useamman vuoden vanhoissa malleissa t\u00e4m\u00e4 ominaisuus ei ollut vakiona.<\/p>\n","protected":false},"excerpt":{"rendered":"<p>Harmaa PRB-1 max 10 kg Videotykin kattoteline<\/p>\n","protected":false},"featured_media":2994,"comment_status":"closed","ping_status":"closed","template":"","meta":[],"product_brand":[],"product_cat":[15],"product_tag":[870],"class_list":{"0":"post-2993","1":"product","2":"type-product","3":"status-publish","4":"has-post-thumbnail","6":"product_cat-uncategorized","7":"product_tag-videotykin-kattotelineet","9":"first","10":"instock","11":"purchasable","12":"product-type-simple"},"jetpack_sharing_enabled":true,"_links":{"self":[{"href":"https:\/\/www.hypertera.com\/index.php?rest_route=\/wp\/v2\/product\/2993","targetHints":{"allow":["GET"]}}],"collection":[{"href":"https:\/\/www.hypertera.com\/index.php?rest_route=\/wp\/v2\/product"}],"about":[{"href":"https:\/\/www.hypertera.com\/index.php?rest_route=\/wp\/v2\/types\/product"}],"replies":[{"embeddable":true,"href":"https:\/\/www.hypertera.com\/index.php?rest_route=%2Fwp%2Fv2%2Fcomments&post=2993"}],"wp:featuredmedia":[{"embeddable":true,"href":"https:\/\/www.hypertera.com\/index.php?rest_route=\/wp\/v2\/media\/2994"}],"wp:attachment":[{"href":"https:\/\/www.hypertera.com\/index.php?rest_route=%2Fwp%2Fv2%2Fmedia&parent=2993"}],"wp:term":[{"taxonomy":"product_brand","embeddable":true,"href":"https:\/\/www.hypertera.com\/index.php?rest_route=%2Fwp%2Fv2%2Fproduct_brand&post=2993"},{"taxonomy":"product_cat","embeddable":true,"href":"https:\/\/www.hypertera.com\/index.php?rest_route=%2Fwp%2Fv2%2Fproduct_cat&post=2993"},{"taxonomy":"product_tag","embeddable":true,"href":"https:\/\/www.hypertera.com\/index.php?rest_route=%2Fwp%2Fv2%2Fproduct_tag&post=2993"}],"curies":[{"name":"wp","href":"https:\/\/api.w.org\/{rel}","templated":true}]}}