{"id":2971,"date":"2022-07-21T15:37:00","date_gmt":"2022-07-21T15:37:00","guid":{"rendered":"https:\/\/www.hypertera.com\/?product=vesivarilehtio-140-g-a2-20-s"},"modified":"2022-07-21T15:37:16","modified_gmt":"2022-07-21T15:37:16","slug":"vesivarilehtio-140-g-a2-20-s","status":"publish","type":"product","link":"https:\/\/www.hypertera.com\/?product=vesivarilehtio-140-g-a2-20-s","title":{"rendered":"Vesiv\u00e4rilehti\u00f6, 140 g, A2, 20 s."},"content":{"rendered":"<p>Laadukas kotimainen vesiv\u00e4rilehti\u00f6.  Blanco, erityisesti vesiv\u00e4rit\u00f6ihin sopiva 140g valkoinen paperi.  Liimaus nelj\u00e4ll\u00e4 sivulla, eli paperi pysyy laveerauksessakin paikoillaan k\u00e4pristym\u00e4tt\u00e4.  Tuotteella Avainlippu.<\/p>\n","protected":false},"excerpt":{"rendered":"<p>Laadukas kotimainen vesiv\u00e4rilehti\u00f6. Blanco, erityisesti vesiv\u00e4rit\u00f6ihin sopiva 140g valkoinen paperi. Liimaus nelj\u00e4ll\u00e4 sivulla, eli paperi pysyy laveerauksessakin paikoillaan k\u00e4pristym\u00e4tt\u00e4. Tuotteella Avainlippu.<\/p>\n","protected":false},"featured_media":2972,"comment_status":"closed","ping_status":"closed","template":"","meta":[],"product_brand":[],"product_cat":[84,867,30,16],"product_tag":[868],"class_list":{"0":"post-2971","1":"product","2":"type-product","3":"status-publish","4":"has-post-thumbnail","6":"product_cat-lehtiot-ja-vihkot","7":"product_cat-piirrustuspaperit-ja-lehtiot-lehtiot-ja-vihkot","8":"product_cat-toimistotarvikkeet","9":"product_cat-tuotteet","10":"product_tag-vesivarilehtiot","12":"first","13":"instock","14":"purchasable","15":"product-type-simple"},"jetpack_sharing_enabled":true,"_links":{"self":[{"href":"https:\/\/www.hypertera.com\/index.php?rest_route=\/wp\/v2\/product\/2971","targetHints":{"allow":["GET"]}}],"collection":[{"href":"https:\/\/www.hypertera.com\/index.php?rest_route=\/wp\/v2\/product"}],"about":[{"href":"https:\/\/www.hypertera.com\/index.php?rest_route=\/wp\/v2\/types\/product"}],"replies":[{"embeddable":true,"href":"https:\/\/www.hypertera.com\/index.php?rest_route=%2Fwp%2Fv2%2Fcomments&post=2971"}],"wp:featuredmedia":[{"embeddable":true,"href":"https:\/\/www.hypertera.com\/index.php?rest_route=\/wp\/v2\/media\/2972"}],"wp:attachment":[{"href":"https:\/\/www.hypertera.com\/index.php?rest_route=%2Fwp%2Fv2%2Fmedia&parent=2971"}],"wp:term":[{"taxonomy":"product_brand","embeddable":true,"href":"https:\/\/www.hypertera.com\/index.php?rest_route=%2Fwp%2Fv2%2Fproduct_brand&post=2971"},{"taxonomy":"product_cat","embeddable":true,"href":"https:\/\/www.hypertera.com\/index.php?rest_route=%2Fwp%2Fv2%2Fproduct_cat&post=2971"},{"taxonomy":"product_tag","embeddable":true,"href":"https:\/\/www.hypertera.com\/index.php?rest_route=%2Fwp%2Fv2%2Fproduct_tag&post=2971"}],"curies":[{"name":"wp","href":"https:\/\/api.w.org\/{rel}","templated":true}]}}