{"id":297,"date":"2022-07-21T14:05:55","date_gmt":"2022-07-21T14:05:55","guid":{"rendered":"https:\/\/www.hypertera.com\/?product=geelikyna-grifos-merminnes-hopeaa-kullatut-yksityiskohdat-musta-lakkaus-shakkikaiverrus"},"modified":"2022-07-21T14:05:58","modified_gmt":"2022-07-21T14:05:58","slug":"geelikyna-grifos-merminnes-hopeaa-kullatut-yksityiskohdat-musta-lakkaus-shakkikaiverrus","status":"publish","type":"product","link":"https:\/\/www.hypertera.com\/?product=geelikyna-grifos-merminnes-hopeaa-kullatut-yksityiskohdat-musta-lakkaus-shakkikaiverrus","title":{"rendered":"Geelikyn\u00e4, Grifos Merminnes, hopeaa, kullatut yksityiskohdat, musta lakkaus, shakkikaiverrus"},"content":{"rendered":"<p>Hopeinen t\u00e4ytekyn\u00e4, jonka runko lakattu mustaksi ja shakkikuviolla kaiverrettua hopeaa. Kullatut yksityiskohdat.  Huom! Koristerenkaat rungossa ovat hopeoituja.  Geelikyn\u00e4 925-hopeaa. Yksityiskohdat on kullattu. Rungossa kaunis shakkikaiverrus. Kaunis Italian Aostanlaaksossa k\u00e4sity\u00f6n\u00e4 valmistettu arvokyn\u00e4. Kyn\u00e4ss\u00e4 on Italian hopeasepp\u00e4killan leima AO 28. Hopeaosiin on leimattu hopean kansainv\u00e4linen leima 925. 5,5 grammaa hopeaa (925)<\/p>\n","protected":false},"excerpt":{"rendered":"<p>Hopeinen t\u00e4ytekyn\u00e4, jonka runko lakattu mustaksi ja shakkikuviolla kaiverrettua hopeaa. Kullatut yksityiskohdat. Huom! Koristerenkaat rungossa ovat hopeoituja. Geelikyn\u00e4 925-hopeaa. Yksityiskohdat on kullattu. Rungossa kaunis shakkikaiverrus. Kaunis Italian Aostanlaaksossa k\u00e4sity\u00f6n\u00e4 valmistettu arvokyn\u00e4. Kyn\u00e4ss\u00e4 on Italian hopeasepp\u00e4killan leima AO 28. Hopeaosiin on leimattu hopean kansainv\u00e4linen leima 925. 5,5 grammaa hopeaa (925)<\/p>\n","protected":false},"featured_media":298,"comment_status":"closed","ping_status":"closed","template":"","meta":[],"product_brand":[],"product_cat":[15],"product_tag":[142],"class_list":{"0":"post-297","1":"product","2":"type-product","3":"status-publish","4":"has-post-thumbnail","6":"product_cat-uncategorized","7":"product_tag-arvokynat","9":"first","10":"outofstock","11":"purchasable","12":"product-type-simple"},"jetpack_sharing_enabled":true,"_links":{"self":[{"href":"https:\/\/www.hypertera.com\/index.php?rest_route=\/wp\/v2\/product\/297","targetHints":{"allow":["GET"]}}],"collection":[{"href":"https:\/\/www.hypertera.com\/index.php?rest_route=\/wp\/v2\/product"}],"about":[{"href":"https:\/\/www.hypertera.com\/index.php?rest_route=\/wp\/v2\/types\/product"}],"replies":[{"embeddable":true,"href":"https:\/\/www.hypertera.com\/index.php?rest_route=%2Fwp%2Fv2%2Fcomments&post=297"}],"wp:featuredmedia":[{"embeddable":true,"href":"https:\/\/www.hypertera.com\/index.php?rest_route=\/wp\/v2\/media\/298"}],"wp:attachment":[{"href":"https:\/\/www.hypertera.com\/index.php?rest_route=%2Fwp%2Fv2%2Fmedia&parent=297"}],"wp:term":[{"taxonomy":"product_brand","embeddable":true,"href":"https:\/\/www.hypertera.com\/index.php?rest_route=%2Fwp%2Fv2%2Fproduct_brand&post=297"},{"taxonomy":"product_cat","embeddable":true,"href":"https:\/\/www.hypertera.com\/index.php?rest_route=%2Fwp%2Fv2%2Fproduct_cat&post=297"},{"taxonomy":"product_tag","embeddable":true,"href":"https:\/\/www.hypertera.com\/index.php?rest_route=%2Fwp%2Fv2%2Fproduct_tag&post=297"}],"curies":[{"name":"wp","href":"https:\/\/api.w.org\/{rel}","templated":true}]}}