{"id":2969,"date":"2022-07-21T15:37:00","date_gmt":"2022-07-21T15:37:00","guid":{"rendered":"https:\/\/www.hypertera.com\/?product=vatsalihaspenkki-arctifit-kokoontaittuva"},"modified":"2022-07-21T15:37:05","modified_gmt":"2022-07-21T15:37:05","slug":"vatsalihaspenkki-arctifit-kokoontaittuva","status":"publish","type":"product","link":"https:\/\/www.hypertera.com\/?product=vatsalihaspenkki-arctifit-kokoontaittuva","title":{"rendered":"Vatsalihaspenkki, Arctifit, kokoontaittuva"},"content":{"rendered":"<p>K\u00e4tev\u00e4 kokoontaittuva vatsalihaspenkki. Voit asettaa haluamasi kaltevuuden. Vatsalihaspenkki on hieman kaareva, joka auttaa aktivoimaan kaikkia vatsalihaksia. Tukeva malli, jonka saat k\u00e4tev\u00e4sti varastoitua silloin kun penkki ei ole k\u00e4yt\u00f6ss\u00e4.<\/p>\n","protected":false},"excerpt":{"rendered":"<p>Arctifit kokoontaittuva Vatsalihaspenkki<\/p>\n","protected":false},"featured_media":2970,"comment_status":"closed","ping_status":"closed","template":"","meta":[],"product_brand":[],"product_cat":[15],"product_tag":[376],"class_list":{"0":"post-2969","1":"product","2":"type-product","3":"status-publish","4":"has-post-thumbnail","6":"product_cat-uncategorized","7":"product_tag-vatsalihaspenkit","9":"first","10":"instock","11":"purchasable","12":"product-type-simple"},"jetpack_sharing_enabled":true,"_links":{"self":[{"href":"https:\/\/www.hypertera.com\/index.php?rest_route=\/wp\/v2\/product\/2969","targetHints":{"allow":["GET"]}}],"collection":[{"href":"https:\/\/www.hypertera.com\/index.php?rest_route=\/wp\/v2\/product"}],"about":[{"href":"https:\/\/www.hypertera.com\/index.php?rest_route=\/wp\/v2\/types\/product"}],"replies":[{"embeddable":true,"href":"https:\/\/www.hypertera.com\/index.php?rest_route=%2Fwp%2Fv2%2Fcomments&post=2969"}],"wp:featuredmedia":[{"embeddable":true,"href":"https:\/\/www.hypertera.com\/index.php?rest_route=\/wp\/v2\/media\/2970"}],"wp:attachment":[{"href":"https:\/\/www.hypertera.com\/index.php?rest_route=%2Fwp%2Fv2%2Fmedia&parent=2969"}],"wp:term":[{"taxonomy":"product_brand","embeddable":true,"href":"https:\/\/www.hypertera.com\/index.php?rest_route=%2Fwp%2Fv2%2Fproduct_brand&post=2969"},{"taxonomy":"product_cat","embeddable":true,"href":"https:\/\/www.hypertera.com\/index.php?rest_route=%2Fwp%2Fv2%2Fproduct_cat&post=2969"},{"taxonomy":"product_tag","embeddable":true,"href":"https:\/\/www.hypertera.com\/index.php?rest_route=%2Fwp%2Fv2%2Fproduct_tag&post=2969"}],"curies":[{"name":"wp","href":"https:\/\/api.w.org\/{rel}","templated":true}]}}