{"id":2918,"date":"2022-07-21T15:35:48","date_gmt":"2022-07-21T15:35:48","guid":{"rendered":"https:\/\/www.hypertera.com\/?product=vahvikerengas-avery-43409-1-pkt-500-kpl"},"modified":"2022-07-21T15:35:51","modified_gmt":"2022-07-21T15:35:51","slug":"vahvikerengas-avery-43409-1-pkt-500-kpl","status":"publish","type":"product","link":"https:\/\/www.hypertera.com\/?product=vahvikerengas-avery-43409-1-pkt-500-kpl","title":{"rendered":"Vahvikerengas, Avery 43409, 1 pkt\/500 kpl"},"content":{"rendered":"<p>Kirkas vahvikerengas, jonka halkaisija on 13 mm. Ehk\u00e4isee ja korjaa paperin kansioreikien repeytym\u00e4t. Pysyv\u00e4 liima.<\/p>\n","protected":false},"excerpt":{"rendered":"<p>Kirkas vahvikerengas, jonka halkaisija on 13 mm. Ehk\u00e4isee ja korjaa paperin kansioreikien repeytym\u00e4t. Pysyv\u00e4 liima.<\/p>\n","protected":false},"featured_media":2919,"comment_status":"closed","ping_status":"closed","template":"","meta":[],"product_brand":[],"product_cat":[32,31,30,16],"product_tag":[848],"class_list":{"0":"post-2918","1":"product","2":"type-product","3":"status-publish","4":"has-post-thumbnail","6":"product_cat-arkistokotelot-ja-kansiot","7":"product_cat-kansiot-ja-mapit","8":"product_cat-toimistotarvikkeet","9":"product_cat-tuotteet","10":"product_tag-vahvikerenkaat","12":"first","13":"instock","14":"purchasable","15":"product-type-simple"},"jetpack_sharing_enabled":true,"_links":{"self":[{"href":"https:\/\/www.hypertera.com\/index.php?rest_route=\/wp\/v2\/product\/2918","targetHints":{"allow":["GET"]}}],"collection":[{"href":"https:\/\/www.hypertera.com\/index.php?rest_route=\/wp\/v2\/product"}],"about":[{"href":"https:\/\/www.hypertera.com\/index.php?rest_route=\/wp\/v2\/types\/product"}],"replies":[{"embeddable":true,"href":"https:\/\/www.hypertera.com\/index.php?rest_route=%2Fwp%2Fv2%2Fcomments&post=2918"}],"wp:featuredmedia":[{"embeddable":true,"href":"https:\/\/www.hypertera.com\/index.php?rest_route=\/wp\/v2\/media\/2919"}],"wp:attachment":[{"href":"https:\/\/www.hypertera.com\/index.php?rest_route=%2Fwp%2Fv2%2Fmedia&parent=2918"}],"wp:term":[{"taxonomy":"product_brand","embeddable":true,"href":"https:\/\/www.hypertera.com\/index.php?rest_route=%2Fwp%2Fv2%2Fproduct_brand&post=2918"},{"taxonomy":"product_cat","embeddable":true,"href":"https:\/\/www.hypertera.com\/index.php?rest_route=%2Fwp%2Fv2%2Fproduct_cat&post=2918"},{"taxonomy":"product_tag","embeddable":true,"href":"https:\/\/www.hypertera.com\/index.php?rest_route=%2Fwp%2Fv2%2Fproduct_tag&post=2918"}],"curies":[{"name":"wp","href":"https:\/\/api.w.org\/{rel}","templated":true}]}}