{"id":2826,"date":"2022-07-21T15:32:13","date_gmt":"2022-07-21T15:32:13","guid":{"rendered":"https:\/\/www.hypertera.com\/?product=turvajakkara-2-porrasta-harmaa"},"modified":"2022-07-21T15:32:18","modified_gmt":"2022-07-21T15:32:18","slug":"turvajakkara-2-porrasta-harmaa","status":"publish","type":"product","link":"https:\/\/www.hypertera.com\/?product=turvajakkara-2-porrasta-harmaa","title":{"rendered":"Turvajakkara, 2 porrasta, harmaa"},"content":{"rendered":"<p>K\u00f6ydet\u00f6n ja ruosteenpit\u00e4v\u00e4 turvajakkara. Jakkara on valmistettu kokonaan muovista. Siin\u00e4 on kolme py\u00f6r\u00e4\u00e4 helppoon liikuttamiseen. Turvajakkaran py\u00f6r\u00e4t lukkiutuvat automaattisesti, kun sen p\u00e4\u00e4lle astutaan. Maksimi kapasiteetti 150 kg. Sopii loistavasti esimerkiksi kauppoihin, varastoihin ja toimistoihin, kun tarvitsee laittaa tai ottaa tavaroita korkeammalta.   Turvajakkaran halkaisija 433 mm alareunasta ja 283 mm yl\u00e4reunasta, korkeus 410 mm. Maksimi kuorman paino 150 kg, v\u00e4rin\u00e4 harmaa. Jakkara painaa vain 2 kg. Saatavana useita v\u00e4rej\u00e4.<\/p>\n","protected":false},"excerpt":{"rendered":"<p>Harmaa Turvajakkarak, 2 porrasta<\/p>\n","protected":false},"featured_media":2827,"comment_status":"closed","ping_status":"closed","template":"","meta":[],"product_brand":[],"product_cat":[828,212,829,827,16],"product_tag":[830],"class_list":{"0":"post-2826","1":"product","2":"type-product","3":"status-publish","4":"has-post-thumbnail","6":"product_cat-ergonomia-tikkaat-portaattuotteet","7":"product_cat-muut-tuotteet-tuotteet","8":"product_cat-tikkaat-portaat","9":"product_cat-tikkaat-portaattuotteet","10":"product_cat-tuotteet","11":"product_tag-turvajakkarat","13":"first","14":"outofstock","15":"purchasable","16":"product-type-simple"},"jetpack_sharing_enabled":true,"_links":{"self":[{"href":"https:\/\/www.hypertera.com\/index.php?rest_route=\/wp\/v2\/product\/2826","targetHints":{"allow":["GET"]}}],"collection":[{"href":"https:\/\/www.hypertera.com\/index.php?rest_route=\/wp\/v2\/product"}],"about":[{"href":"https:\/\/www.hypertera.com\/index.php?rest_route=\/wp\/v2\/types\/product"}],"replies":[{"embeddable":true,"href":"https:\/\/www.hypertera.com\/index.php?rest_route=%2Fwp%2Fv2%2Fcomments&post=2826"}],"wp:featuredmedia":[{"embeddable":true,"href":"https:\/\/www.hypertera.com\/index.php?rest_route=\/wp\/v2\/media\/2827"}],"wp:attachment":[{"href":"https:\/\/www.hypertera.com\/index.php?rest_route=%2Fwp%2Fv2%2Fmedia&parent=2826"}],"wp:term":[{"taxonomy":"product_brand","embeddable":true,"href":"https:\/\/www.hypertera.com\/index.php?rest_route=%2Fwp%2Fv2%2Fproduct_brand&post=2826"},{"taxonomy":"product_cat","embeddable":true,"href":"https:\/\/www.hypertera.com\/index.php?rest_route=%2Fwp%2Fv2%2Fproduct_cat&post=2826"},{"taxonomy":"product_tag","embeddable":true,"href":"https:\/\/www.hypertera.com\/index.php?rest_route=%2Fwp%2Fv2%2Fproduct_tag&post=2826"}],"curies":[{"name":"wp","href":"https:\/\/api.w.org\/{rel}","templated":true}]}}