{"id":2814,"date":"2022-07-21T15:31:51","date_gmt":"2022-07-21T15:31:51","guid":{"rendered":"https:\/\/www.hypertera.com\/?product=tulostuspaperi-xerox-colour-impressions-a3-100g-1-pkt-500"},"modified":"2022-07-21T15:31:51","modified_gmt":"2022-07-21T15:31:51","slug":"tulostuspaperi-xerox-colour-impressions-a3-100g-1-pkt-500","status":"publish","type":"product","link":"https:\/\/www.hypertera.com\/?product=tulostuspaperi-xerox-colour-impressions-a3-100g-1-pkt-500","title":{"rendered":"Tulostuspaperi, Xerox, Colour Impressions A3 100g, 1 pkt\/500"},"content":{"rendered":"<p>V\u00e4rikopiopaperi ja tulostuspaperi Xerox Colour Impressions A3 100g\/500 arkkia Digitaaliseen tulostukseen kehitetty p\u00e4\u00e4llyst\u00e4m\u00e4t\u00f6n paperi. Kirkas valkoisen s\u00e4vy, sile\u00e4 pinta ja tasainen laatu tekev\u00e4t paperista sopivan jokap\u00e4iv\u00e4iseen k\u00e4ytt\u00f6\u00f6n. Soveltuu digitaaliseen v\u00e4ri- ja mustavalkotulostukseen, v\u00e4ri- ja mustavalkolasertulostukseen ja -kopiointiin sek\u00e4 mustesuihkutulostukseen. Paperin sile\u00e4 pinta ja ryhdikkyys v\u00e4hent\u00e4v\u00e4t paperitukkeumia ja takaavat ongelmattoman tulostamisen. Paperin vaalea s\u00e4vy ja tasainen pinta tukevat v\u00e4rien luonnista toistettavuutta ja laajaa v\u00e4riskaalaa. P\u00f6ly\u00e4m\u00e4tt\u00f6myys nostaa tulostuslaitteen k\u00e4ytt\u00f6ik\u00e4\u00e4 ja v\u00e4hent\u00e4\u00e4 ty\u00f6ymp\u00e4rist\u00f6n p\u00f6lyhaittoja. n\u00e4ytt\u00f6kohteita ovat mm. esitteet, mainokset, lehdet, manuaalit, tuoteluettelot, koulutusmateriaalit, tarjoukset, vuosikertomuset ja raportit. PEFC-sertifioitu.<\/p>\n","protected":false},"excerpt":{"rendered":"<p>Xerox Colour Impressions A3 100g Tulostuspaperi, 1 pkt\/500<\/p>\n","protected":false},"featured_media":2815,"comment_status":"closed","ping_status":"closed","template":"","meta":[],"product_brand":[],"product_cat":[824,43,30,823,42,16],"product_tag":[825],"class_list":{"0":"post-2814","1":"product","2":"type-product","3":"status-publish","4":"has-post-thumbnail","6":"product_cat-erikoispaperit","7":"product_cat-toimistotarvikkeet-tulostus-ja-kopiopaperit-kalvottuotteet","8":"product_cat-toimistotarvikkeet","9":"product_cat-tulostus-ja-kopiopaperit-kalvot-toimistotarvikkeet-tulostus-ja-kopiopaperit-kalvottuotteet","10":"product_cat-tulostus-ja-kopiopaperit-kalvottuotteet","11":"product_cat-tuotteet","12":"product_tag-tulostuspaperit","14":"first","15":"outofstock","16":"purchasable","17":"product-type-simple"},"jetpack_sharing_enabled":true,"_links":{"self":[{"href":"https:\/\/www.hypertera.com\/index.php?rest_route=\/wp\/v2\/product\/2814","targetHints":{"allow":["GET"]}}],"collection":[{"href":"https:\/\/www.hypertera.com\/index.php?rest_route=\/wp\/v2\/product"}],"about":[{"href":"https:\/\/www.hypertera.com\/index.php?rest_route=\/wp\/v2\/types\/product"}],"replies":[{"embeddable":true,"href":"https:\/\/www.hypertera.com\/index.php?rest_route=%2Fwp%2Fv2%2Fcomments&post=2814"}],"wp:featuredmedia":[{"embeddable":true,"href":"https:\/\/www.hypertera.com\/index.php?rest_route=\/wp\/v2\/media\/2815"}],"wp:attachment":[{"href":"https:\/\/www.hypertera.com\/index.php?rest_route=%2Fwp%2Fv2%2Fmedia&parent=2814"}],"wp:term":[{"taxonomy":"product_brand","embeddable":true,"href":"https:\/\/www.hypertera.com\/index.php?rest_route=%2Fwp%2Fv2%2Fproduct_brand&post=2814"},{"taxonomy":"product_cat","embeddable":true,"href":"https:\/\/www.hypertera.com\/index.php?rest_route=%2Fwp%2Fv2%2Fproduct_cat&post=2814"},{"taxonomy":"product_tag","embeddable":true,"href":"https:\/\/www.hypertera.com\/index.php?rest_route=%2Fwp%2Fv2%2Fproduct_tag&post=2814"}],"curies":[{"name":"wp","href":"https:\/\/api.w.org\/{rel}","templated":true}]}}