{"id":2786,"date":"2022-07-21T15:30:48","date_gmt":"2022-07-21T15:30:48","guid":{"rendered":"https:\/\/www.hypertera.com\/?product=tietoturvasuoja-3m-pf317w-17-wide-kehys"},"modified":"2022-07-21T15:30:50","modified_gmt":"2022-07-21T15:30:50","slug":"tietoturvasuoja-3m-pf317w-17-wide-kehys","status":"publish","type":"product","link":"https:\/\/www.hypertera.com\/?product=tietoturvasuoja-3m-pf317w-17-wide-kehys","title":{"rendered":"Tietoturvasuoja, 3M Pf317w, 17&#8243; wide, kehys"},"content":{"rendered":"<p>Tietoturvasuoja kapealla mustalla kehyksell\u00e4. Sopii 17&quot; LCD n\u00e4yt\u00f6lle. Asennusvalmis. Maadoitettuna v\u00e4hent\u00e4\u00e4n p\u00f6lyn ker\u00e4\u00e4ntymist\u00e4 suojan pinnalle. Vain suoraan n\u00e4yt\u00f6n edess\u00e4 oleva henkil\u00f6 n\u00e4kee ruudun kirkkaana, sivusta katsottuna n\u00e4kyy vain tyhj\u00e4, musta ruutu.<\/p>\n","protected":false},"excerpt":{"rendered":"<p>Tietoturvasuoja kapealla mustalla kehyksell\u00e4. Sopii 17&quot; LCD n\u00e4yt\u00f6lle. Asennusvalmis. Maadoitettuna v\u00e4hent\u00e4\u00e4n p\u00f6lyn ker\u00e4\u00e4ntymist\u00e4 suojan pinnalle. Vain suoraan n\u00e4yt\u00f6n edess\u00e4 oleva henkil\u00f6 n\u00e4kee ruudun kirkkaana, sivusta katsottuna n\u00e4kyy vain tyhj\u00e4, musta ruutu.<\/p>\n","protected":false},"featured_media":2787,"comment_status":"closed","ping_status":"closed","template":"","meta":[],"product_brand":[],"product_cat":[15],"product_tag":[817],"class_list":{"0":"post-2786","1":"product","2":"type-product","3":"status-publish","4":"has-post-thumbnail","6":"product_cat-uncategorized","7":"product_tag-tietoturvasuojat","9":"first","10":"instock","11":"purchasable","12":"product-type-simple"},"jetpack_sharing_enabled":true,"_links":{"self":[{"href":"https:\/\/www.hypertera.com\/index.php?rest_route=\/wp\/v2\/product\/2786","targetHints":{"allow":["GET"]}}],"collection":[{"href":"https:\/\/www.hypertera.com\/index.php?rest_route=\/wp\/v2\/product"}],"about":[{"href":"https:\/\/www.hypertera.com\/index.php?rest_route=\/wp\/v2\/types\/product"}],"replies":[{"embeddable":true,"href":"https:\/\/www.hypertera.com\/index.php?rest_route=%2Fwp%2Fv2%2Fcomments&post=2786"}],"wp:featuredmedia":[{"embeddable":true,"href":"https:\/\/www.hypertera.com\/index.php?rest_route=\/wp\/v2\/media\/2787"}],"wp:attachment":[{"href":"https:\/\/www.hypertera.com\/index.php?rest_route=%2Fwp%2Fv2%2Fmedia&parent=2786"}],"wp:term":[{"taxonomy":"product_brand","embeddable":true,"href":"https:\/\/www.hypertera.com\/index.php?rest_route=%2Fwp%2Fv2%2Fproduct_brand&post=2786"},{"taxonomy":"product_cat","embeddable":true,"href":"https:\/\/www.hypertera.com\/index.php?rest_route=%2Fwp%2Fv2%2Fproduct_cat&post=2786"},{"taxonomy":"product_tag","embeddable":true,"href":"https:\/\/www.hypertera.com\/index.php?rest_route=%2Fwp%2Fv2%2Fproduct_tag&post=2786"}],"curies":[{"name":"wp","href":"https:\/\/api.w.org\/{rel}","templated":true}]}}