{"id":2651,"date":"2022-07-21T15:26:36","date_gmt":"2022-07-21T15:26:36","guid":{"rendered":"https:\/\/www.hypertera.com\/?product=taskukiikarit-konus-action-10x25"},"modified":"2022-07-21T15:26:42","modified_gmt":"2022-07-21T15:26:42","slug":"taskukiikarit-konus-action-10x25","status":"publish","type":"product","link":"https:\/\/www.hypertera.com\/?product=taskukiikarit-konus-action-10x25","title":{"rendered":"Taskukiikarit, Konus Action, 10&#215;25"},"content":{"rendered":"<p>Taskukokoiset, pienemm\u00e4ksi taittuvat, kiikarit 10 kertaisella suurennoksella sopivat mukaan matkoille ja tapahtumiin. Soveltuvat k\u00e4tev\u00e4sti mukaan silloin kun kiikareilla ei ole tarkoitus katsoa koko ajan, mutta halutessaan voi tarkistaa kiintoisia yksityiskohtia vaelluksilla, veneilless\u00e4, konserteissa, urheilutapahtumissa jne.  Molemmille okulaareille on yhteinen tarkennusmekanismi.  Paketissa tulee mukana kiikarit, kuljetuspussi ja kaulanauha.<\/p>\n","protected":false},"excerpt":{"rendered":"<p>10&#215;25 Konus Action Taskukiikarit<\/p>\n","protected":false},"featured_media":2652,"comment_status":"closed","ping_status":"closed","template":"","meta":[],"product_brand":[],"product_cat":[290,17,16],"product_tag":[291],"class_list":{"0":"post-2651","1":"product","2":"type-product","3":"status-publish","4":"has-post-thumbnail","6":"product_cat-kiikarit","7":"product_cat-laitteet-tekniikka","8":"product_cat-tuotteet","9":"product_tag-kiikarit","11":"first","12":"instock","13":"purchasable","14":"product-type-simple"},"jetpack_sharing_enabled":true,"_links":{"self":[{"href":"https:\/\/www.hypertera.com\/index.php?rest_route=\/wp\/v2\/product\/2651","targetHints":{"allow":["GET"]}}],"collection":[{"href":"https:\/\/www.hypertera.com\/index.php?rest_route=\/wp\/v2\/product"}],"about":[{"href":"https:\/\/www.hypertera.com\/index.php?rest_route=\/wp\/v2\/types\/product"}],"replies":[{"embeddable":true,"href":"https:\/\/www.hypertera.com\/index.php?rest_route=%2Fwp%2Fv2%2Fcomments&post=2651"}],"wp:featuredmedia":[{"embeddable":true,"href":"https:\/\/www.hypertera.com\/index.php?rest_route=\/wp\/v2\/media\/2652"}],"wp:attachment":[{"href":"https:\/\/www.hypertera.com\/index.php?rest_route=%2Fwp%2Fv2%2Fmedia&parent=2651"}],"wp:term":[{"taxonomy":"product_brand","embeddable":true,"href":"https:\/\/www.hypertera.com\/index.php?rest_route=%2Fwp%2Fv2%2Fproduct_brand&post=2651"},{"taxonomy":"product_cat","embeddable":true,"href":"https:\/\/www.hypertera.com\/index.php?rest_route=%2Fwp%2Fv2%2Fproduct_cat&post=2651"},{"taxonomy":"product_tag","embeddable":true,"href":"https:\/\/www.hypertera.com\/index.php?rest_route=%2Fwp%2Fv2%2Fproduct_tag&post=2651"}],"curies":[{"name":"wp","href":"https:\/\/api.w.org\/{rel}","templated":true}]}}