{"id":2605,"date":"2022-07-21T15:25:12","date_gmt":"2022-07-21T15:25:12","guid":{"rendered":"https:\/\/www.hypertera.com\/?product=talouspaperi-tork-plus-1-sak-20"},"modified":"2022-07-21T15:25:12","modified_gmt":"2022-07-21T15:25:12","slug":"talouspaperi-tork-plus-1-sak-20","status":"publish","type":"product","link":"https:\/\/www.hypertera.com\/?product=talouspaperi-tork-plus-1-sak-20","title":{"rendered":"Talouspaperi, Tork Plus , 1 s\u00e4k\/20"},"content":{"rendered":"<p>2-kertainen imukykyinen keitti\u00f6pyyhe. Rullassa 90 arkkia, eli 20,4 metri\u00e4. S\u00e4kiss\u00e4 20 rullaa. Arkin koko 20.4 x 21.2 cm.  Talouspaperi rulla jokap\u00e4iv\u00e4iseen pyyhint\u00e4\u00e4n. Hyv\u00e4ksytty elintarvikek\u00e4ytt\u00f6\u00f6n.    Vastaava tuote Lotus Professional Plus talouspaperin kanssa.<\/p>\n","protected":false},"excerpt":{"rendered":"<p>2-kertainen imukykyinen keitti\u00f6pyyhe. Rullassa 90 arkkia, eli 20,4 metri\u00e4. S\u00e4kiss\u00e4 20 rullaa. Arkin koko 20.4 x 21.2 cm. Talouspaperi rulla jokap\u00e4iv\u00e4iseen pyyhint\u00e4\u00e4n. Hyv\u00e4ksytty elintarvikek\u00e4ytt\u00f6\u00f6n. Vastaava tuote Lotus Professional Plus talouspaperin kanssa.<\/p>\n","protected":false},"featured_media":2606,"comment_status":"closed","ping_status":"closed","template":"","meta":[],"product_brand":[],"product_cat":[768,773,769,770,767,771,196,772,195,16],"product_tag":[774],"class_list":{"0":"post-2605","1":"product","2":"type-product","3":"status-publish","4":"has-post-thumbnail","6":"product_cat-kahviotarvikkeet-muut-tuotteet-siivous-ja-keittiotarvikkeettuotteet","7":"product_cat-kasipyyhkeet-taloustarvikkeet-puhdistusvalineettuotteet","8":"product_cat-liinat-ja-servetittuotteet","9":"product_cat-muut-tuotteet-liinat-ja-servetittuotteet","10":"product_cat-muut-tuotteet-siivous-ja-keittiotarvikkeettuotteet","11":"product_cat-puhdistusvalineettuotteet","12":"product_cat-siivous-ja-keittiotarvikkeettuotteet","13":"product_cat-taloustarvikkeet-puhdistusvalineettuotteet","14":"product_cat-taloustarvikkeet","15":"product_cat-tuotteet","16":"product_tag-talouspaperit","18":"first","19":"instock","20":"purchasable","21":"product-type-simple"},"jetpack_sharing_enabled":true,"_links":{"self":[{"href":"https:\/\/www.hypertera.com\/index.php?rest_route=\/wp\/v2\/product\/2605","targetHints":{"allow":["GET"]}}],"collection":[{"href":"https:\/\/www.hypertera.com\/index.php?rest_route=\/wp\/v2\/product"}],"about":[{"href":"https:\/\/www.hypertera.com\/index.php?rest_route=\/wp\/v2\/types\/product"}],"replies":[{"embeddable":true,"href":"https:\/\/www.hypertera.com\/index.php?rest_route=%2Fwp%2Fv2%2Fcomments&post=2605"}],"wp:featuredmedia":[{"embeddable":true,"href":"https:\/\/www.hypertera.com\/index.php?rest_route=\/wp\/v2\/media\/2606"}],"wp:attachment":[{"href":"https:\/\/www.hypertera.com\/index.php?rest_route=%2Fwp%2Fv2%2Fmedia&parent=2605"}],"wp:term":[{"taxonomy":"product_brand","embeddable":true,"href":"https:\/\/www.hypertera.com\/index.php?rest_route=%2Fwp%2Fv2%2Fproduct_brand&post=2605"},{"taxonomy":"product_cat","embeddable":true,"href":"https:\/\/www.hypertera.com\/index.php?rest_route=%2Fwp%2Fv2%2Fproduct_cat&post=2605"},{"taxonomy":"product_tag","embeddable":true,"href":"https:\/\/www.hypertera.com\/index.php?rest_route=%2Fwp%2Fv2%2Fproduct_tag&post=2605"}],"curies":[{"name":"wp","href":"https:\/\/api.w.org\/{rel}","templated":true}]}}