{"id":2589,"date":"2022-07-21T15:24:30","date_gmt":"2022-07-21T15:24:30","guid":{"rendered":"https:\/\/www.hypertera.com\/?product=sukkahousut-36-40-15-den-ruskea"},"modified":"2022-07-21T15:24:34","modified_gmt":"2022-07-21T15:24:34","slug":"sukkahousut-36-40-15-den-ruskea","status":"publish","type":"product","link":"https:\/\/www.hypertera.com\/?product=sukkahousut-36-40-15-den-ruskea","title":{"rendered":"Sukkahousut, 36-40, 15 den, ruskea"},"content":{"rendered":"<p>Silkkim\u00e4isen pehme\u00e4t, ruskeat sukkahousut. Tukeva vy\u00f6t\u00e4r\u00f6. Koko 36-40. Paksuus 15 denieri\u00e4.<\/p>\n","protected":false},"excerpt":{"rendered":"<p>Ruskeat sukkahoudut 15D (36-40)<\/p>\n","protected":false},"featured_media":2590,"comment_status":"closed","ping_status":"closed","template":"","meta":[],"product_brand":[],"product_cat":[15],"product_tag":[587],"class_list":{"0":"post-2589","1":"product","2":"type-product","3":"status-publish","4":"has-post-thumbnail","6":"product_cat-uncategorized","7":"product_tag-sukkahousut","9":"first","10":"instock","11":"purchasable","12":"product-type-simple"},"jetpack_sharing_enabled":true,"_links":{"self":[{"href":"https:\/\/www.hypertera.com\/index.php?rest_route=\/wp\/v2\/product\/2589","targetHints":{"allow":["GET"]}}],"collection":[{"href":"https:\/\/www.hypertera.com\/index.php?rest_route=\/wp\/v2\/product"}],"about":[{"href":"https:\/\/www.hypertera.com\/index.php?rest_route=\/wp\/v2\/types\/product"}],"replies":[{"embeddable":true,"href":"https:\/\/www.hypertera.com\/index.php?rest_route=%2Fwp%2Fv2%2Fcomments&post=2589"}],"wp:featuredmedia":[{"embeddable":true,"href":"https:\/\/www.hypertera.com\/index.php?rest_route=\/wp\/v2\/media\/2590"}],"wp:attachment":[{"href":"https:\/\/www.hypertera.com\/index.php?rest_route=%2Fwp%2Fv2%2Fmedia&parent=2589"}],"wp:term":[{"taxonomy":"product_brand","embeddable":true,"href":"https:\/\/www.hypertera.com\/index.php?rest_route=%2Fwp%2Fv2%2Fproduct_brand&post=2589"},{"taxonomy":"product_cat","embeddable":true,"href":"https:\/\/www.hypertera.com\/index.php?rest_route=%2Fwp%2Fv2%2Fproduct_cat&post=2589"},{"taxonomy":"product_tag","embeddable":true,"href":"https:\/\/www.hypertera.com\/index.php?rest_route=%2Fwp%2Fv2%2Fproduct_tag&post=2589"}],"curies":[{"name":"wp","href":"https:\/\/api.w.org\/{rel}","templated":true}]}}