{"id":2525,"date":"2022-07-21T15:23:26","date_gmt":"2022-07-21T15:23:26","guid":{"rendered":"https:\/\/www.hypertera.com\/?product=x-salkku-classic-pilotti-pierre-line-nahka-mustapoistunut"},"modified":"2022-07-21T15:23:27","modified_gmt":"2022-07-21T15:23:27","slug":"x-salkku-classic-pilotti-pierre-line-nahka-mustapoistunut","status":"publish","type":"product","link":"https:\/\/www.hypertera.com\/?product=x-salkku-classic-pilotti-pierre-line-nahka-mustapoistunut","title":{"rendered":"X Salkku, Classic Pilotti pierre line, nahka musta(POISTUNUT)"},"content":{"rendered":"<p>Tilavaan, nahkaiseen Pierre Classic Line pilottisalkkuun mahtuu jopa 4 kansiota. Salkun etuosassa on osasto k\u00e4nnyk\u00e4lle, kynille, k\u00e4yntikorteille yms pientavaralle. Laukun sivussa on tasku, josta esim. k\u00e4nnykk\u00e4 on nopeasti saatavilla. Laukun pohjassa on 6 metallista &quot;tassua&quot;, jotka est\u00e4v\u00e4t salkkua likaantumasta ja kulumasta turhaan. Numerolukko. Koko P46xL22xK38 cm.<\/p>\n","protected":false},"excerpt":{"rendered":"<p>Nahka musta Classic Pilotti pierre line Salkku<\/p>\n","protected":false},"featured_media":2526,"comment_status":"closed","ping_status":"closed","template":"","meta":[],"product_brand":[],"product_cat":[212,545,546,16],"product_tag":[739],"class_list":{"0":"post-2525","1":"product","2":"type-product","3":"status-publish","4":"has-post-thumbnail","6":"product_cat-muut-tuotteet-tuotteet","7":"product_cat-salkut-ja-laukut","8":"product_cat-salkut-ja-laukut-salkut-ja-laukut","9":"product_cat-tuotteet","10":"product_tag-salkut","12":"first","13":"outofstock","14":"purchasable","15":"product-type-simple"},"jetpack_sharing_enabled":true,"_links":{"self":[{"href":"https:\/\/www.hypertera.com\/index.php?rest_route=\/wp\/v2\/product\/2525","targetHints":{"allow":["GET"]}}],"collection":[{"href":"https:\/\/www.hypertera.com\/index.php?rest_route=\/wp\/v2\/product"}],"about":[{"href":"https:\/\/www.hypertera.com\/index.php?rest_route=\/wp\/v2\/types\/product"}],"replies":[{"embeddable":true,"href":"https:\/\/www.hypertera.com\/index.php?rest_route=%2Fwp%2Fv2%2Fcomments&post=2525"}],"wp:featuredmedia":[{"embeddable":true,"href":"https:\/\/www.hypertera.com\/index.php?rest_route=\/wp\/v2\/media\/2526"}],"wp:attachment":[{"href":"https:\/\/www.hypertera.com\/index.php?rest_route=%2Fwp%2Fv2%2Fmedia&parent=2525"}],"wp:term":[{"taxonomy":"product_brand","embeddable":true,"href":"https:\/\/www.hypertera.com\/index.php?rest_route=%2Fwp%2Fv2%2Fproduct_brand&post=2525"},{"taxonomy":"product_cat","embeddable":true,"href":"https:\/\/www.hypertera.com\/index.php?rest_route=%2Fwp%2Fv2%2Fproduct_cat&post=2525"},{"taxonomy":"product_tag","embeddable":true,"href":"https:\/\/www.hypertera.com\/index.php?rest_route=%2Fwp%2Fv2%2Fproduct_tag&post=2525"}],"curies":[{"name":"wp","href":"https:\/\/api.w.org\/{rel}","templated":true}]}}