{"id":2519,"date":"2022-07-21T15:23:19","date_gmt":"2022-07-21T15:23:19","guid":{"rendered":"https:\/\/www.hypertera.com\/?product=salamasuodin-kamerasalamalle-linkstar-slrb-404-softbox-4040-cm"},"modified":"2022-07-21T15:23:22","modified_gmt":"2022-07-21T15:23:22","slug":"salamasuodin-kamerasalamalle-linkstar-slrb-404-softbox-4040-cm","status":"publish","type":"product","link":"https:\/\/www.hypertera.com\/?product=salamasuodin-kamerasalamalle-linkstar-slrb-404-softbox-4040-cm","title":{"rendered":"Salamasuodin kamerasalamalle, Linkstar SLRB-404 softbox, 40*40 cm"},"content":{"rendered":"<p>Diffuusiosuodin erillisille Speedlight-salamille, jotka halutaan asentaa erilleen kamerasta. (ei siis sovellu kameran sis\u00e4\u00e4nrakennetulle salamalle). Salamasuotimen diffuusiopinnan koko on 40*40 cm. Mukana tulee kiinnike Speedlight-salamalaitteelle sek\u00e4 kallistusnivel. T\u00e4m\u00e4n tuotteen lis\u00e4ksi tarvitset vain valaisinjalustan standardilla Spigot-tapilla.<\/p>\n","protected":false},"excerpt":{"rendered":"<p>Linkstar SLRB-404 softboxSalamasuodin<\/p>\n","protected":false},"featured_media":2520,"comment_status":"closed","ping_status":"closed","template":"","meta":[],"product_brand":[],"product_cat":[15],"product_tag":[100],"class_list":{"0":"post-2519","1":"product","2":"type-product","3":"status-publish","4":"has-post-thumbnail","6":"product_cat-uncategorized","7":"product_tag-salamasuotimet","9":"first","10":"instock","11":"purchasable","12":"product-type-simple"},"jetpack_sharing_enabled":true,"_links":{"self":[{"href":"https:\/\/www.hypertera.com\/index.php?rest_route=\/wp\/v2\/product\/2519","targetHints":{"allow":["GET"]}}],"collection":[{"href":"https:\/\/www.hypertera.com\/index.php?rest_route=\/wp\/v2\/product"}],"about":[{"href":"https:\/\/www.hypertera.com\/index.php?rest_route=\/wp\/v2\/types\/product"}],"replies":[{"embeddable":true,"href":"https:\/\/www.hypertera.com\/index.php?rest_route=%2Fwp%2Fv2%2Fcomments&post=2519"}],"wp:featuredmedia":[{"embeddable":true,"href":"https:\/\/www.hypertera.com\/index.php?rest_route=\/wp\/v2\/media\/2520"}],"wp:attachment":[{"href":"https:\/\/www.hypertera.com\/index.php?rest_route=%2Fwp%2Fv2%2Fmedia&parent=2519"}],"wp:term":[{"taxonomy":"product_brand","embeddable":true,"href":"https:\/\/www.hypertera.com\/index.php?rest_route=%2Fwp%2Fv2%2Fproduct_brand&post=2519"},{"taxonomy":"product_cat","embeddable":true,"href":"https:\/\/www.hypertera.com\/index.php?rest_route=%2Fwp%2Fv2%2Fproduct_cat&post=2519"},{"taxonomy":"product_tag","embeddable":true,"href":"https:\/\/www.hypertera.com\/index.php?rest_route=%2Fwp%2Fv2%2Fproduct_tag&post=2519"}],"curies":[{"name":"wp","href":"https:\/\/api.w.org\/{rel}","templated":true}]}}