{"id":2503,"date":"2022-07-21T15:22:34","date_gmt":"2022-07-21T15:22:34","guid":{"rendered":"https:\/\/www.hypertera.com\/?product=rullakasipyyhe-tork-1-sak-6-rll-h13"},"modified":"2022-07-21T15:22:43","modified_gmt":"2022-07-21T15:22:43","slug":"rullakasipyyhe-tork-1-sak-6-rll-h13","status":"publish","type":"product","link":"https:\/\/www.hypertera.com\/?product=rullakasipyyhe-tork-1-sak-6-rll-h13","title":{"rendered":"Rullak\u00e4sipyyhe, Tork, 1 s\u00e4k\/6 rll, H13"},"content":{"rendered":"<p>H13 rullak\u00e4sipyyhe on t\u00e4sm\u00e4lleen saman kokoinen kuin Lotus Professional Enmotion paperi. Sopii Lotus Professional Enmotion ja Tork H13 annostelijoihin.   Torkin rullak\u00e4sipyyhkeell\u00e4 k\u00e4sien kuivaaminen k\u00e4y hetkess\u00e4 ja hygieenisesti. K\u00e4sipyyhe on riittoisa ja siin\u00e4 on nopea annostelu. Hienostunut Lotus-kukkakuviointi ja miellytt\u00e4v\u00e4n pehme\u00e4 paperi tekev\u00e4t saniteettitilastasi edustustilan. Rullassa on suuri kapasiteetti, jolloin t\u00e4ytt\u00f6kerrat v\u00e4henev\u00e4t. Rullak\u00e4sipyyhe on hygieeninen ja v\u00e4hent\u00e4\u00e4 kulutusta ja kustannuksia.   S\u00e4\u00e4dett\u00e4v\u00e4 arkin koko, leveys 24.7 cm, 143 m\/rll, 6 rll\/s\u00e4k. 2-kertainen. 100 % valikoitua kierr\u00e4tyspaperia. Rullassa on paperia 143 metri\u00e4, joten 30 cm:n pituisella arkilla t\u00e4ytt\u00f6v\u00e4li on per\u00e4ti 477 k\u00e4ytt\u00f6kertaa.<\/p>\n","protected":false},"excerpt":{"rendered":"<p>H13 rullak\u00e4sipyyhe on t\u00e4sm\u00e4lleen saman kokoinen kuin Lotus Professional Enmotion paperi. Sopii Lotus Professional Enmotion ja Tork H13 annostelijoihin. Torkin rullak\u00e4sipyyhkeell\u00e4 k\u00e4sien kuivaaminen k\u00e4y hetkess\u00e4 ja hygieenisesti. K\u00e4sipyyhe on riittoisa ja siin\u00e4 on nopea annostelu. Hienostunut Lotus-kukkakuviointi ja miellytt\u00e4v\u00e4n pehme\u00e4 paperi tekev\u00e4t saniteettitilastasi edustustilan. Rullassa on suuri kapasiteetti, jolloin t\u00e4ytt\u00f6kerrat v\u00e4henev\u00e4t. Rullak\u00e4sipyyhe on hygieeninen ja [&hellip;]<\/p>\n","protected":false},"featured_media":2504,"comment_status":"closed","ping_status":"closed","template":"","meta":[],"product_brand":[],"product_cat":[407,195,16],"product_tag":[408],"class_list":{"0":"post-2503","1":"product","2":"type-product","3":"status-publish","4":"has-post-thumbnail","6":"product_cat-kasipyyhkeet","7":"product_cat-taloustarvikkeet","8":"product_cat-tuotteet","9":"product_tag-kasipyyhkeet","11":"first","12":"instock","13":"purchasable","14":"product-type-simple"},"jetpack_sharing_enabled":true,"_links":{"self":[{"href":"https:\/\/www.hypertera.com\/index.php?rest_route=\/wp\/v2\/product\/2503","targetHints":{"allow":["GET"]}}],"collection":[{"href":"https:\/\/www.hypertera.com\/index.php?rest_route=\/wp\/v2\/product"}],"about":[{"href":"https:\/\/www.hypertera.com\/index.php?rest_route=\/wp\/v2\/types\/product"}],"replies":[{"embeddable":true,"href":"https:\/\/www.hypertera.com\/index.php?rest_route=%2Fwp%2Fv2%2Fcomments&post=2503"}],"wp:featuredmedia":[{"embeddable":true,"href":"https:\/\/www.hypertera.com\/index.php?rest_route=\/wp\/v2\/media\/2504"}],"wp:attachment":[{"href":"https:\/\/www.hypertera.com\/index.php?rest_route=%2Fwp%2Fv2%2Fmedia&parent=2503"}],"wp:term":[{"taxonomy":"product_brand","embeddable":true,"href":"https:\/\/www.hypertera.com\/index.php?rest_route=%2Fwp%2Fv2%2Fproduct_brand&post=2503"},{"taxonomy":"product_cat","embeddable":true,"href":"https:\/\/www.hypertera.com\/index.php?rest_route=%2Fwp%2Fv2%2Fproduct_cat&post=2503"},{"taxonomy":"product_tag","embeddable":true,"href":"https:\/\/www.hypertera.com\/index.php?rest_route=%2Fwp%2Fv2%2Fproduct_tag&post=2503"}],"curies":[{"name":"wp","href":"https:\/\/api.w.org\/{rel}","templated":true}]}}