{"id":2497,"date":"2022-07-21T15:22:34","date_gmt":"2022-07-21T15:22:34","guid":{"rendered":"https:\/\/www.hypertera.com\/?product=rj-45-adapteri-jatkosovitin-11-liittimet-2xrj45-naaras-valkoinen"},"modified":"2022-07-21T15:22:35","modified_gmt":"2022-07-21T15:22:35","slug":"rj-45-adapteri-jatkosovitin-11-liittimet-2xrj45-naaras-valkoinen","status":"publish","type":"product","link":"https:\/\/www.hypertera.com\/?product=rj-45-adapteri-jatkosovitin-11-liittimet-2xrj45-naaras-valkoinen","title":{"rendered":"RJ-45-adapteri, jatkosovitin 1:1, liittimet 2xRJ45 naaras, valkoinen"},"content":{"rendered":"<p>Valkoinen RJ-45-jatkokappale. T\u00e4ll\u00e4 jatkokappaleella saat yhdistetty\u00e4 kaksi RJ-45 johtoa toisiinsa. Liittimet 2kpl RJ45-naaras.<\/p>\n","protected":false},"excerpt":{"rendered":"<p>Valkoinen Jatkosovitin 1:1 liittimet 2xRJ45 naaras RJ-45-adapteri<\/p>\n","protected":false},"featured_media":2498,"comment_status":"closed","ping_status":"closed","template":"","meta":[],"product_brand":[],"product_cat":[15],"product_tag":[730],"class_list":{"0":"post-2497","1":"product","2":"type-product","3":"status-publish","4":"has-post-thumbnail","6":"product_cat-uncategorized","7":"product_tag-rj-45-adapterit","9":"first","10":"instock","11":"purchasable","12":"product-type-simple"},"jetpack_sharing_enabled":true,"_links":{"self":[{"href":"https:\/\/www.hypertera.com\/index.php?rest_route=\/wp\/v2\/product\/2497","targetHints":{"allow":["GET"]}}],"collection":[{"href":"https:\/\/www.hypertera.com\/index.php?rest_route=\/wp\/v2\/product"}],"about":[{"href":"https:\/\/www.hypertera.com\/index.php?rest_route=\/wp\/v2\/types\/product"}],"replies":[{"embeddable":true,"href":"https:\/\/www.hypertera.com\/index.php?rest_route=%2Fwp%2Fv2%2Fcomments&post=2497"}],"wp:featuredmedia":[{"embeddable":true,"href":"https:\/\/www.hypertera.com\/index.php?rest_route=\/wp\/v2\/media\/2498"}],"wp:attachment":[{"href":"https:\/\/www.hypertera.com\/index.php?rest_route=%2Fwp%2Fv2%2Fmedia&parent=2497"}],"wp:term":[{"taxonomy":"product_brand","embeddable":true,"href":"https:\/\/www.hypertera.com\/index.php?rest_route=%2Fwp%2Fv2%2Fproduct_brand&post=2497"},{"taxonomy":"product_cat","embeddable":true,"href":"https:\/\/www.hypertera.com\/index.php?rest_route=%2Fwp%2Fv2%2Fproduct_cat&post=2497"},{"taxonomy":"product_tag","embeddable":true,"href":"https:\/\/www.hypertera.com\/index.php?rest_route=%2Fwp%2Fv2%2Fproduct_tag&post=2497"}],"curies":[{"name":"wp","href":"https:\/\/api.w.org\/{rel}","templated":true}]}}