{"id":2358,"date":"2022-07-21T15:17:22","date_gmt":"2022-07-21T15:17:22","guid":{"rendered":"https:\/\/www.hypertera.com\/?product=puhdistusliina-naytto-nappaimisto-1-pkt-100"},"modified":"2022-07-21T15:17:36","modified_gmt":"2022-07-21T15:17:36","slug":"puhdistusliina-naytto-nappaimisto-1-pkt-100","status":"publish","type":"product","link":"https:\/\/www.hypertera.com\/?product=puhdistusliina-naytto-nappaimisto-1-pkt-100","title":{"rendered":"Puhdistusliina, N\u00e4ytt\u00f6\/n\u00e4pp\u00e4imist\u00f6, 1 pkt\/100"},"content":{"rendered":"<p>Antistaattinen puhdistusliina n\u00e4yt\u00f6n, television ja monitorin puhdistukseen. My\u00f6s piirtoheittimen ja kopiokoneen lasipinnoille, peileille, linsseille sek\u00e4 n\u00e4pp\u00e4imist\u00f6ille. Sis\u00e4lt\u00e4\u00e4 bakteereja tuhoavaa ainetta. Poistaa sormenj\u00e4ljet, rasvan ja pinttyneen lian. Ehk\u00e4isee p\u00f6lyn muodostumista jatkossa.  HUOM! M\u00e4rk\u00e4liina sis\u00e4lt\u00e4\u00e4 alkoholia ja soveltuu siksi vain lasipintaisille n\u00e4yt\u00f6ille, joissa ei ole erikoispinnoitetta. Puhdistusliinan koko 150 x 130 mm.<\/p>\n","protected":false},"excerpt":{"rendered":"<p>Antistaattinen puhdistusliina n\u00e4yt\u00f6n, television ja monitorin puhdistukseen. My\u00f6s piirtoheittimen ja kopiokoneen lasipinnoille, peileille, linsseille sek\u00e4 n\u00e4pp\u00e4imist\u00f6ille. Sis\u00e4lt\u00e4\u00e4 bakteereja tuhoavaa ainetta. Poistaa sormenj\u00e4ljet, rasvan ja pinttyneen lian. Ehk\u00e4isee p\u00f6lyn muodostumista jatkossa. HUOM! M\u00e4rk\u00e4liina sis\u00e4lt\u00e4\u00e4 alkoholia ja soveltuu siksi vain lasipintaisille n\u00e4yt\u00f6ille, joissa ei ole erikoispinnoitetta. Puhdistusliinan koko 150 x 130 mm.<\/p>\n","protected":false},"featured_media":2359,"comment_status":"closed","ping_status":"closed","template":"","meta":[],"product_brand":[],"product_cat":[212,548,16],"product_tag":[691],"class_list":{"0":"post-2358","1":"product","2":"type-product","3":"status-publish","4":"has-post-thumbnail","6":"product_cat-muut-tuotteet-tuotteet","7":"product_cat-puhdistusvalineet-muut-tuotteet-tuotteet","8":"product_cat-tuotteet","9":"product_tag-puhdistusliinat","11":"first","12":"instock","13":"purchasable","14":"product-type-simple"},"jetpack_sharing_enabled":true,"_links":{"self":[{"href":"https:\/\/www.hypertera.com\/index.php?rest_route=\/wp\/v2\/product\/2358","targetHints":{"allow":["GET"]}}],"collection":[{"href":"https:\/\/www.hypertera.com\/index.php?rest_route=\/wp\/v2\/product"}],"about":[{"href":"https:\/\/www.hypertera.com\/index.php?rest_route=\/wp\/v2\/types\/product"}],"replies":[{"embeddable":true,"href":"https:\/\/www.hypertera.com\/index.php?rest_route=%2Fwp%2Fv2%2Fcomments&post=2358"}],"wp:featuredmedia":[{"embeddable":true,"href":"https:\/\/www.hypertera.com\/index.php?rest_route=\/wp\/v2\/media\/2359"}],"wp:attachment":[{"href":"https:\/\/www.hypertera.com\/index.php?rest_route=%2Fwp%2Fv2%2Fmedia&parent=2358"}],"wp:term":[{"taxonomy":"product_brand","embeddable":true,"href":"https:\/\/www.hypertera.com\/index.php?rest_route=%2Fwp%2Fv2%2Fproduct_brand&post=2358"},{"taxonomy":"product_cat","embeddable":true,"href":"https:\/\/www.hypertera.com\/index.php?rest_route=%2Fwp%2Fv2%2Fproduct_cat&post=2358"},{"taxonomy":"product_tag","embeddable":true,"href":"https:\/\/www.hypertera.com\/index.php?rest_route=%2Fwp%2Fv2%2Fproduct_tag&post=2358"}],"curies":[{"name":"wp","href":"https:\/\/api.w.org\/{rel}","templated":true}]}}