{"id":2352,"date":"2022-07-21T15:17:22","date_gmt":"2022-07-21T15:17:22","guid":{"rendered":"https:\/\/www.hypertera.com\/?product=puhdistusliina-kostea-tayttopakkaus-100-kpl"},"modified":"2022-07-21T15:17:24","modified_gmt":"2022-07-21T15:17:24","slug":"puhdistusliina-kostea-tayttopakkaus-100-kpl","status":"publish","type":"product","link":"https:\/\/www.hypertera.com\/?product=puhdistusliina-kostea-tayttopakkaus-100-kpl","title":{"rendered":"Puhdistusliina, kostea, t\u00e4ytt\u00f6pakkaus, 100 kpl"},"content":{"rendered":"<p>Erinomaisia kosteita puhdistusliinoja toimistoon pintojen, n\u00e4pp\u00e4imist\u00f6n, kuulokkeiden sek\u00e4 muiden toimistolaitteiden puhdistukseen. Liinat ovat antistaattisia sek\u00e4 desinfioivia. Liinat poistavat erinomaisesti p\u00f6ly\u00e4 ja likaa erilaisilta pinnoilta. Liina ei nukkaa.<\/p>\n","protected":false},"excerpt":{"rendered":"<p>F-Office Puhdistusliina<\/p>\n","protected":false},"featured_media":2353,"comment_status":"closed","ping_status":"closed","template":"","meta":[],"product_brand":[],"product_cat":[212,548,16],"product_tag":[691],"class_list":{"0":"post-2352","1":"product","2":"type-product","3":"status-publish","4":"has-post-thumbnail","6":"product_cat-muut-tuotteet-tuotteet","7":"product_cat-puhdistusvalineet-muut-tuotteet-tuotteet","8":"product_cat-tuotteet","9":"product_tag-puhdistusliinat","11":"first","12":"instock","13":"purchasable","14":"product-type-simple"},"jetpack_sharing_enabled":true,"_links":{"self":[{"href":"https:\/\/www.hypertera.com\/index.php?rest_route=\/wp\/v2\/product\/2352","targetHints":{"allow":["GET"]}}],"collection":[{"href":"https:\/\/www.hypertera.com\/index.php?rest_route=\/wp\/v2\/product"}],"about":[{"href":"https:\/\/www.hypertera.com\/index.php?rest_route=\/wp\/v2\/types\/product"}],"replies":[{"embeddable":true,"href":"https:\/\/www.hypertera.com\/index.php?rest_route=%2Fwp%2Fv2%2Fcomments&post=2352"}],"wp:featuredmedia":[{"embeddable":true,"href":"https:\/\/www.hypertera.com\/index.php?rest_route=\/wp\/v2\/media\/2353"}],"wp:attachment":[{"href":"https:\/\/www.hypertera.com\/index.php?rest_route=%2Fwp%2Fv2%2Fmedia&parent=2352"}],"wp:term":[{"taxonomy":"product_brand","embeddable":true,"href":"https:\/\/www.hypertera.com\/index.php?rest_route=%2Fwp%2Fv2%2Fproduct_brand&post=2352"},{"taxonomy":"product_cat","embeddable":true,"href":"https:\/\/www.hypertera.com\/index.php?rest_route=%2Fwp%2Fv2%2Fproduct_cat&post=2352"},{"taxonomy":"product_tag","embeddable":true,"href":"https:\/\/www.hypertera.com\/index.php?rest_route=%2Fwp%2Fv2%2Fproduct_tag&post=2352"}],"curies":[{"name":"wp","href":"https:\/\/api.w.org\/{rel}","templated":true}]}}