{"id":2305,"date":"2022-07-21T15:15:59","date_gmt":"2022-07-21T15:15:59","guid":{"rendered":"https:\/\/www.hypertera.com\/?product=pikahakujarjestelma-sherpa-poytateline-5632-10-taskua"},"modified":"2022-07-21T15:16:02","modified_gmt":"2022-07-21T15:16:02","slug":"pikahakujarjestelma-sherpa-poytateline-5632-10-taskua","status":"publish","type":"product","link":"https:\/\/www.hypertera.com\/?product=pikahakujarjestelma-sherpa-poytateline-5632-10-taskua","title":{"rendered":"Pikahakuj\u00e4rjestelm\u00e4, Sherpa P\u00f6yt\u00e4teline 5632 + 10 taskua"},"content":{"rendered":"<p>K\u00e4ytt\u00f6valmis muotoiltu p\u00f6yt\u00e4teline A4 pikahakutaskulle. Sis\u00e4lt\u00e4\u00e4 10 kpl tukevaa, heijastamatonta pikahakutaskua. (5606) 5 kpl mustaa ja 5 kpl punaista. Taskujen reunat on vahvistettu v\u00e4rillisell\u00e4 vahvikkeella ja niiss\u00e4 on kielekkeet. Tukeva teline, liukumaton. Telineen kapasiteetia voidaan lis\u00e4t\u00e4 Sherpa 5624 jatkeella 10 taskulla.<\/p>\n","protected":false},"excerpt":{"rendered":"<p>K\u00e4ytt\u00f6valmis muotoiltu p\u00f6yt\u00e4teline A4 pikahakutaskulle. Sis\u00e4lt\u00e4\u00e4 10 kpl tukevaa, heijastamatonta pikahakutaskua. (5606) 5 kpl mustaa ja 5 kpl punaista. Taskujen reunat on vahvistettu v\u00e4rillisell\u00e4 vahvikkeella ja niiss\u00e4 on kielekkeet. Tukeva teline, liukumaton. Telineen kapasiteetia voidaan lis\u00e4t\u00e4 Sherpa 5624 jatkeella 10 taskulla.<\/p>\n","protected":false},"featured_media":0,"comment_status":"closed","ping_status":"closed","template":"","meta":[],"product_brand":[],"product_cat":[679,30,16],"product_tag":[680],"class_list":{"0":"post-2305","1":"product","2":"type-product","3":"status-publish","5":"product_cat-pikahakujarjestelmat","6":"product_cat-toimistotarvikkeet","7":"product_cat-tuotteet","8":"product_tag-pikahakujarjestelma","10":"first","11":"instock","12":"purchasable","13":"product-type-simple"},"jetpack_sharing_enabled":true,"_links":{"self":[{"href":"https:\/\/www.hypertera.com\/index.php?rest_route=\/wp\/v2\/product\/2305","targetHints":{"allow":["GET"]}}],"collection":[{"href":"https:\/\/www.hypertera.com\/index.php?rest_route=\/wp\/v2\/product"}],"about":[{"href":"https:\/\/www.hypertera.com\/index.php?rest_route=\/wp\/v2\/types\/product"}],"replies":[{"embeddable":true,"href":"https:\/\/www.hypertera.com\/index.php?rest_route=%2Fwp%2Fv2%2Fcomments&post=2305"}],"wp:attachment":[{"href":"https:\/\/www.hypertera.com\/index.php?rest_route=%2Fwp%2Fv2%2Fmedia&parent=2305"}],"wp:term":[{"taxonomy":"product_brand","embeddable":true,"href":"https:\/\/www.hypertera.com\/index.php?rest_route=%2Fwp%2Fv2%2Fproduct_brand&post=2305"},{"taxonomy":"product_cat","embeddable":true,"href":"https:\/\/www.hypertera.com\/index.php?rest_route=%2Fwp%2Fv2%2Fproduct_cat&post=2305"},{"taxonomy":"product_tag","embeddable":true,"href":"https:\/\/www.hypertera.com\/index.php?rest_route=%2Fwp%2Fv2%2Fproduct_tag&post=2305"}],"curies":[{"name":"wp","href":"https:\/\/api.w.org\/{rel}","templated":true}]}}