{"id":2297,"date":"2022-07-21T15:15:36","date_gmt":"2022-07-21T15:15:36","guid":{"rendered":"https:\/\/www.hypertera.com\/?product=x-piirtoheitin-vega-36v-400w-3-linssinen-lpvpoistunut"},"modified":"2022-07-21T15:15:52","modified_gmt":"2022-07-21T15:15:52","slug":"x-piirtoheitin-vega-36v-400w-3-linssinen-lpvpoistunut","status":"publish","type":"product","link":"https:\/\/www.hypertera.com\/?product=x-piirtoheitin-vega-36v-400w-3-linssinen-lpvpoistunut","title":{"rendered":"X Piirtoheitin, Vega 36V, 400W, 3-linssinen, LPV(POISTUNUT)"},"content":{"rendered":"<p>Vegan piirtoheitin on tehty kest\u00e4m\u00e4\u00e4n kovaa k\u00e4ytt\u00f6\u00e4. Vahvat komponentitja t\u00e4ysmetallirunko takaavat toimivuuden vuosienkin p\u00e4\u00e4st\u00e4. Piirtoheittimen takuu on viisi (5) vuotta.<\/p>\n","protected":false},"excerpt":{"rendered":"<p>Vegan piirtoheitin on tehty kest\u00e4m\u00e4\u00e4n kovaa k\u00e4ytt\u00f6\u00e4. Vahvat komponentitja t\u00e4ysmetallirunko takaavat toimivuuden vuosienkin p\u00e4\u00e4st\u00e4. Piirtoheittimen takuu on viisi (5) vuotta.<\/p>\n","protected":false},"featured_media":2298,"comment_status":"closed","ping_status":"closed","template":"","meta":[],"product_brand":[],"product_cat":[17,672,16],"product_tag":[673],"class_list":{"0":"post-2297","1":"product","2":"type-product","3":"status-publish","4":"has-post-thumbnail","6":"product_cat-laitteet-tekniikka","7":"product_cat-piirtoheittimet","8":"product_cat-tuotteet","9":"product_tag-piirtoheittimet","11":"first","12":"outofstock","13":"purchasable","14":"product-type-simple"},"jetpack_sharing_enabled":true,"_links":{"self":[{"href":"https:\/\/www.hypertera.com\/index.php?rest_route=\/wp\/v2\/product\/2297","targetHints":{"allow":["GET"]}}],"collection":[{"href":"https:\/\/www.hypertera.com\/index.php?rest_route=\/wp\/v2\/product"}],"about":[{"href":"https:\/\/www.hypertera.com\/index.php?rest_route=\/wp\/v2\/types\/product"}],"replies":[{"embeddable":true,"href":"https:\/\/www.hypertera.com\/index.php?rest_route=%2Fwp%2Fv2%2Fcomments&post=2297"}],"wp:featuredmedia":[{"embeddable":true,"href":"https:\/\/www.hypertera.com\/index.php?rest_route=\/wp\/v2\/media\/2298"}],"wp:attachment":[{"href":"https:\/\/www.hypertera.com\/index.php?rest_route=%2Fwp%2Fv2%2Fmedia&parent=2297"}],"wp:term":[{"taxonomy":"product_brand","embeddable":true,"href":"https:\/\/www.hypertera.com\/index.php?rest_route=%2Fwp%2Fv2%2Fproduct_brand&post=2297"},{"taxonomy":"product_cat","embeddable":true,"href":"https:\/\/www.hypertera.com\/index.php?rest_route=%2Fwp%2Fv2%2Fproduct_cat&post=2297"},{"taxonomy":"product_tag","embeddable":true,"href":"https:\/\/www.hypertera.com\/index.php?rest_route=%2Fwp%2Fv2%2Fproduct_tag&post=2297"}],"curies":[{"name":"wp","href":"https:\/\/api.w.org\/{rel}","templated":true}]}}