{"id":2237,"date":"2022-07-21T15:13:58","date_gmt":"2022-07-21T15:13:58","guid":{"rendered":"https:\/\/www.hypertera.com\/?product=paperikori-12-5-l-lavistetyt-reunat-musta"},"modified":"2022-07-21T15:14:03","modified_gmt":"2022-07-21T15:14:03","slug":"paperikori-12-5-l-lavistetyt-reunat-musta","status":"publish","type":"product","link":"https:\/\/www.hypertera.com\/?product=paperikori-12-5-l-lavistetyt-reunat-musta","title":{"rendered":"Paperikori, 12.5 l, l\u00e4vistetyt reunat, musta"},"content":{"rendered":"<p>Kierr\u00e4tetyst\u00e4 muovista valmistettu roskakori. Maksimitilavuus 12.5 l. Rei&#39;itetyt seinustat.<\/p>\n","protected":false},"excerpt":{"rendered":"<p>Musta F-Office Paperikori<\/p>\n","protected":false},"featured_media":2238,"comment_status":"closed","ping_status":"closed","template":"","meta":[],"product_brand":[],"product_cat":[654,212,657,655,16,656],"product_tag":[658],"class_list":{"0":"post-2237","1":"product","2":"type-product","3":"status-publish","4":"has-post-thumbnail","6":"product_cat-jateastiat-roskakorittuotteet","7":"product_cat-muut-tuotteet-tuotteet","8":"product_cat-paperikorit-roskakorit","9":"product_cat-toimistotarvikkeet-jateastiat-roskakorittuotteet","10":"product_cat-tuotteet","11":"product_cat-tyopistetarvikkeet-toimistotarvikkeet-jateastiat-roskakorittuotteet","12":"product_tag-paperikorit","14":"first","15":"instock","16":"purchasable","17":"product-type-simple"},"jetpack_sharing_enabled":true,"_links":{"self":[{"href":"https:\/\/www.hypertera.com\/index.php?rest_route=\/wp\/v2\/product\/2237","targetHints":{"allow":["GET"]}}],"collection":[{"href":"https:\/\/www.hypertera.com\/index.php?rest_route=\/wp\/v2\/product"}],"about":[{"href":"https:\/\/www.hypertera.com\/index.php?rest_route=\/wp\/v2\/types\/product"}],"replies":[{"embeddable":true,"href":"https:\/\/www.hypertera.com\/index.php?rest_route=%2Fwp%2Fv2%2Fcomments&post=2237"}],"wp:featuredmedia":[{"embeddable":true,"href":"https:\/\/www.hypertera.com\/index.php?rest_route=\/wp\/v2\/media\/2238"}],"wp:attachment":[{"href":"https:\/\/www.hypertera.com\/index.php?rest_route=%2Fwp%2Fv2%2Fmedia&parent=2237"}],"wp:term":[{"taxonomy":"product_brand","embeddable":true,"href":"https:\/\/www.hypertera.com\/index.php?rest_route=%2Fwp%2Fv2%2Fproduct_brand&post=2237"},{"taxonomy":"product_cat","embeddable":true,"href":"https:\/\/www.hypertera.com\/index.php?rest_route=%2Fwp%2Fv2%2Fproduct_cat&post=2237"},{"taxonomy":"product_tag","embeddable":true,"href":"https:\/\/www.hypertera.com\/index.php?rest_route=%2Fwp%2Fv2%2Fproduct_tag&post=2237"}],"curies":[{"name":"wp","href":"https:\/\/api.w.org\/{rel}","templated":true}]}}