{"id":2211,"date":"2022-07-21T15:13:02","date_gmt":"2022-07-21T15:13:02","guid":{"rendered":"https:\/\/www.hypertera.com\/?product=paineilma-connect-puhdistus-400ml"},"modified":"2022-07-21T15:13:16","modified_gmt":"2022-07-21T15:13:16","slug":"paineilma-connect-puhdistus-400ml","status":"publish","type":"product","link":"https:\/\/www.hypertera.com\/?product=paineilma-connect-puhdistus-400ml","title":{"rendered":"Paineilma, Connect Puhdistus, 400ml"},"content":{"rendered":"<p>Puhdistaa vaikeap\u00e4\u00e4syiset ja herk\u00e4t pinnat (n\u00e4pp\u00e4imist\u00f6n v\u00e4lit, kirjoittimet yms.) p\u00f6lylt\u00e4 ja lialta. HFC-vapaa eli ei kuormita otsonikerrosta. Hinta sis\u00e4lt\u00e4\u00e4 VAK-erikoiskuljetuslis\u00e4n 5 euroa.<\/p>\n","protected":false},"excerpt":{"rendered":"<p>Puhdistaa vaikeap\u00e4\u00e4syiset ja herk\u00e4t pinnat (n\u00e4pp\u00e4imist\u00f6n v\u00e4lit, kirjoittimet yms.) p\u00f6lylt\u00e4 ja lialta. HFC-vapaa eli ei kuormita otsonikerrosta. Hinta sis\u00e4lt\u00e4\u00e4 VAK-erikoiskuljetuslis\u00e4n 5 euroa.<\/p>\n","protected":false},"featured_media":2212,"comment_status":"closed","ping_status":"closed","template":"","meta":[],"product_brand":[],"product_cat":[212,548,16],"product_tag":[637],"class_list":{"0":"post-2211","1":"product","2":"type-product","3":"status-publish","4":"has-post-thumbnail","6":"product_cat-muut-tuotteet-tuotteet","7":"product_cat-puhdistusvalineet-muut-tuotteet-tuotteet","8":"product_cat-tuotteet","9":"product_tag-paineilmat","11":"first","12":"instock","13":"purchasable","14":"product-type-simple"},"jetpack_sharing_enabled":true,"_links":{"self":[{"href":"https:\/\/www.hypertera.com\/index.php?rest_route=\/wp\/v2\/product\/2211","targetHints":{"allow":["GET"]}}],"collection":[{"href":"https:\/\/www.hypertera.com\/index.php?rest_route=\/wp\/v2\/product"}],"about":[{"href":"https:\/\/www.hypertera.com\/index.php?rest_route=\/wp\/v2\/types\/product"}],"replies":[{"embeddable":true,"href":"https:\/\/www.hypertera.com\/index.php?rest_route=%2Fwp%2Fv2%2Fcomments&post=2211"}],"wp:featuredmedia":[{"embeddable":true,"href":"https:\/\/www.hypertera.com\/index.php?rest_route=\/wp\/v2\/media\/2212"}],"wp:attachment":[{"href":"https:\/\/www.hypertera.com\/index.php?rest_route=%2Fwp%2Fv2%2Fmedia&parent=2211"}],"wp:term":[{"taxonomy":"product_brand","embeddable":true,"href":"https:\/\/www.hypertera.com\/index.php?rest_route=%2Fwp%2Fv2%2Fproduct_brand&post=2211"},{"taxonomy":"product_cat","embeddable":true,"href":"https:\/\/www.hypertera.com\/index.php?rest_route=%2Fwp%2Fv2%2Fproduct_cat&post=2211"},{"taxonomy":"product_tag","embeddable":true,"href":"https:\/\/www.hypertera.com\/index.php?rest_route=%2Fwp%2Fv2%2Fproduct_tag&post=2211"}],"curies":[{"name":"wp","href":"https:\/\/api.w.org\/{rel}","templated":true}]}}