{"id":2200,"date":"2022-07-21T15:12:45","date_gmt":"2022-07-21T15:12:45","guid":{"rendered":"https:\/\/www.hypertera.com\/?product=opastekyltti-nuoli-jalkivalaiseva"},"modified":"2022-07-21T15:12:56","modified_gmt":"2022-07-21T15:12:56","slug":"opastekyltti-nuoli-jalkivalaiseva","status":"publish","type":"product","link":"https:\/\/www.hypertera.com\/?product=opastekyltti-nuoli-jalkivalaiseva","title":{"rendered":"Opastekyltti, nuoli, j\u00e4lkivalaiseva"},"content":{"rendered":"<p>Kaksipuolinen, j\u00e4lkivalaiseva opastekilpi. Koko 20 x 20cm. Sein\u00e4pidike kilvelle 1750 saatavilla erikseen.<\/p>\n","protected":false},"excerpt":{"rendered":"<p>Kaksipuolinen, j\u00e4lkivalaiseva opastekilpi. Koko 20 x 20cm. Sein\u00e4pidike kilvelle 1750 saatavilla erikseen.<\/p>\n","protected":false},"featured_media":2201,"comment_status":"closed","ping_status":"closed","template":"","meta":[],"product_brand":[],"product_cat":[629,632,633,631,628,212,630,16,627],"product_tag":[634],"class_list":{"0":"post-2200","1":"product","2":"type-product","3":"status-publish","4":"has-post-thumbnail","6":"product_cat-ensiapu-ergonomia-turvatuotteettuotteet","7":"product_cat-ensiapu-ergonomia-opaskyltittuotteet","8":"product_cat-ensiaputarvikkeet-ensiapu-ergonomia-opaskyltittuotteet","9":"product_cat-ergonomia-opaskyltittuotteet","10":"product_cat-ergonomia-turvatuotteettuotteet","11":"product_cat-muut-tuotteet-tuotteet","12":"product_cat-opaskyltittuotteet","13":"product_cat-tuotteet","14":"product_cat-turvatuotteettuotteet","15":"product_tag-opastekyltit","17":"first","18":"instock","19":"purchasable","20":"product-type-simple"},"jetpack_sharing_enabled":true,"_links":{"self":[{"href":"https:\/\/www.hypertera.com\/index.php?rest_route=\/wp\/v2\/product\/2200","targetHints":{"allow":["GET"]}}],"collection":[{"href":"https:\/\/www.hypertera.com\/index.php?rest_route=\/wp\/v2\/product"}],"about":[{"href":"https:\/\/www.hypertera.com\/index.php?rest_route=\/wp\/v2\/types\/product"}],"replies":[{"embeddable":true,"href":"https:\/\/www.hypertera.com\/index.php?rest_route=%2Fwp%2Fv2%2Fcomments&post=2200"}],"wp:featuredmedia":[{"embeddable":true,"href":"https:\/\/www.hypertera.com\/index.php?rest_route=\/wp\/v2\/media\/2201"}],"wp:attachment":[{"href":"https:\/\/www.hypertera.com\/index.php?rest_route=%2Fwp%2Fv2%2Fmedia&parent=2200"}],"wp:term":[{"taxonomy":"product_brand","embeddable":true,"href":"https:\/\/www.hypertera.com\/index.php?rest_route=%2Fwp%2Fv2%2Fproduct_brand&post=2200"},{"taxonomy":"product_cat","embeddable":true,"href":"https:\/\/www.hypertera.com\/index.php?rest_route=%2Fwp%2Fv2%2Fproduct_cat&post=2200"},{"taxonomy":"product_tag","embeddable":true,"href":"https:\/\/www.hypertera.com\/index.php?rest_route=%2Fwp%2Fv2%2Fproduct_tag&post=2200"}],"curies":[{"name":"wp","href":"https:\/\/api.w.org\/{rel}","templated":true}]}}