{"id":2192,"date":"2022-07-21T15:12:36","date_gmt":"2022-07-21T15:12:36","guid":{"rendered":"https:\/\/www.hypertera.com\/?product=objektiivin-suojus-matin-m-6804-keskikoko"},"modified":"2022-07-21T15:12:42","modified_gmt":"2022-07-21T15:12:42","slug":"objektiivin-suojus-matin-m-6804-keskikoko","status":"publish","type":"product","link":"https:\/\/www.hypertera.com\/?product=objektiivin-suojus-matin-m-6804-keskikoko","title":{"rendered":"Objektiivin suojus, Matin M-6804, keskikoko"},"content":{"rendered":"<p>Kameran linssin suojus. Valmistettu neopreenist\u00e4. Voit k\u00e4ytt\u00e4\u00e4 suojusta kuljettaessa objektiivia tai kameraa, ja my\u00f6s kameran ollessa kaulan ymp\u00e4rill\u00e4.  Koko: Medium, 100xL60mm+50mm (joustava koko)<\/p>\n","protected":false},"excerpt":{"rendered":"<p>Matin M-6804 keskikoko Objektiivin suojus<\/p>\n","protected":false},"featured_media":2193,"comment_status":"closed","ping_status":"closed","template":"","meta":[],"product_brand":[],"product_cat":[15],"product_tag":[624],"class_list":{"0":"post-2192","1":"product","2":"type-product","3":"status-publish","4":"has-post-thumbnail","6":"product_cat-uncategorized","7":"product_tag-objektiivin-suojukset","9":"first","10":"instock","11":"purchasable","12":"product-type-simple"},"jetpack_sharing_enabled":true,"_links":{"self":[{"href":"https:\/\/www.hypertera.com\/index.php?rest_route=\/wp\/v2\/product\/2192","targetHints":{"allow":["GET"]}}],"collection":[{"href":"https:\/\/www.hypertera.com\/index.php?rest_route=\/wp\/v2\/product"}],"about":[{"href":"https:\/\/www.hypertera.com\/index.php?rest_route=\/wp\/v2\/types\/product"}],"replies":[{"embeddable":true,"href":"https:\/\/www.hypertera.com\/index.php?rest_route=%2Fwp%2Fv2%2Fcomments&post=2192"}],"wp:featuredmedia":[{"embeddable":true,"href":"https:\/\/www.hypertera.com\/index.php?rest_route=\/wp\/v2\/media\/2193"}],"wp:attachment":[{"href":"https:\/\/www.hypertera.com\/index.php?rest_route=%2Fwp%2Fv2%2Fmedia&parent=2192"}],"wp:term":[{"taxonomy":"product_brand","embeddable":true,"href":"https:\/\/www.hypertera.com\/index.php?rest_route=%2Fwp%2Fv2%2Fproduct_brand&post=2192"},{"taxonomy":"product_cat","embeddable":true,"href":"https:\/\/www.hypertera.com\/index.php?rest_route=%2Fwp%2Fv2%2Fproduct_cat&post=2192"},{"taxonomy":"product_tag","embeddable":true,"href":"https:\/\/www.hypertera.com\/index.php?rest_route=%2Fwp%2Fv2%2Fproduct_tag&post=2192"}],"curies":[{"name":"wp","href":"https:\/\/api.w.org\/{rel}","templated":true}]}}