{"id":2183,"date":"2022-07-21T15:12:13","date_gmt":"2022-07-21T15:12:13","guid":{"rendered":"https:\/\/www.hypertera.com\/?product=nostopoyta-pl-500-lb-el-500-kg"},"modified":"2022-07-21T15:12:30","modified_gmt":"2022-07-21T15:12:30","slug":"nostopoyta-pl-500-lb-el-500-kg","status":"publish","type":"product","link":"https:\/\/www.hypertera.com\/?product=nostopoyta-pl-500-lb-el-500-kg","title":{"rendered":"Nostop\u00f6yt\u00e4, PL 500 LB-EL, 500 kg"},"content":{"rendered":"<p>S\u00e4hk\u00f6inen nostop\u00f6yt\u00e4 tuplasaksilla. P\u00f6yt\u00e4\u00e4 nostetaan ja lasketaan manuaalisesti. Nostop\u00f6yd\u00e4ss\u00e4 on kaksi kiinte\u00e4\u00e4 ja kaksi k\u00e4\u00e4ntyv\u00e4\u00e4 py\u00f6r\u00e4\u00e4. K\u00e4\u00e4ntyviss\u00e4 py\u00f6riss\u00e4 on jalkasuoja turvallisuuden lis\u00e4\u00e4miseksi. P\u00f6yd\u00e4ss\u00e4 on sis\u00e4inen 24V\/4A laturi. Akku 2&#215;22 Ah.  Nostop\u00f6yd\u00e4n kapasiteetti 500 kg. Minimi nostokorkeus 440 mm ja maksimi nostokorkeus 1025 mm. Nostoalusta 1010&#215;520 mm. Lastausalusta on 3 mm paksu ja kromilla p\u00e4\u00e4llystetty\u00e4 ter\u00e4st\u00e4. Py\u00f6r\u00e4t ovat polyuretaania ja niiden halkaisija on 150 mm ja leveys 48 mm. Kahva on kiinte\u00e4 ja sen korkeus on 990 mm. Nostop\u00f6yt\u00e4 painaa 160 kg. Nostomoottori 0,8 kW\/24V.<\/p>\n","protected":false},"excerpt":{"rendered":"<p>PL 500 LB-EL Nostop\u00f6yt\u00e4, 500 kg<\/p>\n","protected":false},"featured_media":0,"comment_status":"closed","ping_status":"closed","template":"","meta":[],"product_brand":[],"product_cat":[15],"product_tag":[620],"class_list":{"0":"post-2183","1":"product","2":"type-product","3":"status-publish","5":"product_cat-uncategorized","6":"product_tag-nostopoydat","8":"first","9":"outofstock","10":"purchasable","11":"product-type-simple"},"jetpack_sharing_enabled":true,"_links":{"self":[{"href":"https:\/\/www.hypertera.com\/index.php?rest_route=\/wp\/v2\/product\/2183","targetHints":{"allow":["GET"]}}],"collection":[{"href":"https:\/\/www.hypertera.com\/index.php?rest_route=\/wp\/v2\/product"}],"about":[{"href":"https:\/\/www.hypertera.com\/index.php?rest_route=\/wp\/v2\/types\/product"}],"replies":[{"embeddable":true,"href":"https:\/\/www.hypertera.com\/index.php?rest_route=%2Fwp%2Fv2%2Fcomments&post=2183"}],"wp:attachment":[{"href":"https:\/\/www.hypertera.com\/index.php?rest_route=%2Fwp%2Fv2%2Fmedia&parent=2183"}],"wp:term":[{"taxonomy":"product_brand","embeddable":true,"href":"https:\/\/www.hypertera.com\/index.php?rest_route=%2Fwp%2Fv2%2Fproduct_brand&post=2183"},{"taxonomy":"product_cat","embeddable":true,"href":"https:\/\/www.hypertera.com\/index.php?rest_route=%2Fwp%2Fv2%2Fproduct_cat&post=2183"},{"taxonomy":"product_tag","embeddable":true,"href":"https:\/\/www.hypertera.com\/index.php?rest_route=%2Fwp%2Fv2%2Fproduct_tag&post=2183"}],"curies":[{"name":"wp","href":"https:\/\/api.w.org\/{rel}","templated":true}]}}