{"id":2141,"date":"2022-07-21T15:11:10","date_gmt":"2022-07-21T15:11:10","guid":{"rendered":"https:\/\/www.hypertera.com\/?product=nitoja-20-arkkia-24-26-6-sininen"},"modified":"2022-07-21T15:11:21","modified_gmt":"2022-07-21T15:11:21","slug":"nitoja-20-arkkia-24-26-6-sininen","status":"publish","type":"product","link":"https:\/\/www.hypertera.com\/?product=nitoja-20-arkkia-24-26-6-sininen","title":{"rendered":"Nitoja, 20 arkkia, 24-26\/6, sininen"},"content":{"rendered":"<p>Luotettava ja tyylik\u00e4s nitoja jopa 20 arkin nitomiseen. Kumipinnoite pohjassa mahdollistaa my\u00f6s pihtiotteen sek\u00e4 pit\u00e4\u00e4 nitojan paikoillaan.. Kest\u00e4v\u00e4 metallirunko. Sek\u00e4 24\/6 ett\u00e4 26\/6 -nasta sopivat nitojaan. Nidontasyvyys 5,5 mm. 2 nidontavaihtoehoa: normaali ja avonidonta. Sininen nitoja.<\/p>\n","protected":false},"excerpt":{"rendered":"<p>20 arkkia, Nitoja sininen<\/p>\n","protected":false},"featured_media":2142,"comment_status":"closed","ping_status":"closed","template":"","meta":[],"product_brand":[],"product_cat":[605,530,30,16],"product_tag":[606],"class_list":{"0":"post-2141","1":"product","2":"type-product","3":"status-publish","4":"has-post-thumbnail","6":"product_cat-nitojat","7":"product_cat-nitojat-ja-lavistimet","8":"product_cat-toimistotarvikkeet","9":"product_cat-tuotteet","10":"product_tag-nitojat","12":"first","13":"outofstock","14":"purchasable","15":"product-type-simple"},"jetpack_sharing_enabled":true,"_links":{"self":[{"href":"https:\/\/www.hypertera.com\/index.php?rest_route=\/wp\/v2\/product\/2141","targetHints":{"allow":["GET"]}}],"collection":[{"href":"https:\/\/www.hypertera.com\/index.php?rest_route=\/wp\/v2\/product"}],"about":[{"href":"https:\/\/www.hypertera.com\/index.php?rest_route=\/wp\/v2\/types\/product"}],"replies":[{"embeddable":true,"href":"https:\/\/www.hypertera.com\/index.php?rest_route=%2Fwp%2Fv2%2Fcomments&post=2141"}],"wp:featuredmedia":[{"embeddable":true,"href":"https:\/\/www.hypertera.com\/index.php?rest_route=\/wp\/v2\/media\/2142"}],"wp:attachment":[{"href":"https:\/\/www.hypertera.com\/index.php?rest_route=%2Fwp%2Fv2%2Fmedia&parent=2141"}],"wp:term":[{"taxonomy":"product_brand","embeddable":true,"href":"https:\/\/www.hypertera.com\/index.php?rest_route=%2Fwp%2Fv2%2Fproduct_brand&post=2141"},{"taxonomy":"product_cat","embeddable":true,"href":"https:\/\/www.hypertera.com\/index.php?rest_route=%2Fwp%2Fv2%2Fproduct_cat&post=2141"},{"taxonomy":"product_tag","embeddable":true,"href":"https:\/\/www.hypertera.com\/index.php?rest_route=%2Fwp%2Fv2%2Fproduct_tag&post=2141"}],"curies":[{"name":"wp","href":"https:\/\/api.w.org\/{rel}","templated":true}]}}