{"id":2099,"date":"2022-07-21T15:08:54","date_gmt":"2022-07-21T15:08:54","guid":{"rendered":"https:\/\/www.hypertera.com\/?product=nimikorttikotelo-60x90mm-1-ras-25"},"modified":"2022-07-21T15:09:03","modified_gmt":"2022-07-21T15:09:03","slug":"nimikorttikotelo-60x90mm-1-ras-25","status":"publish","type":"product","link":"https:\/\/www.hypertera.com\/?product=nimikorttikotelo-60x90mm-1-ras-25","title":{"rendered":"Nimikorttikotelo, 60x90mm, 1 ras\/25"},"content":{"rendered":"<p>Kirkasta PVC-muovia. Kotelon toisella puolella matalampi reunus, joka helpottaa kortin asettamista. Metalliklipsi. Sis\u00e4lt\u00e4\u00e4 kortit.    Metalliklipsi on toimituspakkauksessa irrallisena ja kiinnitett\u00e4v\u00e4 erikseen.<\/p>\n","protected":false},"excerpt":{"rendered":"<p>Kirkasta PVC-muovia. Kotelon toisella puolella matalampi reunus, joka helpottaa kortin asettamista. Metalliklipsi. Sis\u00e4lt\u00e4\u00e4 kortit. Metalliklipsi on toimituspakkauksessa irrallisena ja kiinnitett\u00e4v\u00e4 erikseen.<\/p>\n","protected":false},"featured_media":2100,"comment_status":"closed","ping_status":"closed","template":"","meta":[],"product_brand":[],"product_cat":[104,344,602,601,345,30,16],"product_tag":[603],"class_list":{"0":"post-2099","1":"product","2":"type-product","3":"status-publish","4":"has-post-thumbnail","6":"product_cat-etiketit-tarrat-ja-nimilappukotelot","7":"product_cat-kaynti-ja-nimikorttikotelot-kortittuotteet","8":"product_cat-kongressineulat-ja-nimilaput-toimiston-pientarvikkeet-toimistotarvikkeet-kaynti-ja-nimikorttikotelot-kortittuotteet","9":"product_cat-toimiston-pientarvikkeet-toimistotarvikkeet-kaynti-ja-nimikorttikotelot-kortittuotteet","10":"product_cat-toimistotarvikkeet-kaynti-ja-nimikorttikotelot-kortittuotteet","11":"product_cat-toimistotarvikkeet","12":"product_cat-tuotteet","13":"product_tag-nimikorttikotelot","15":"first","16":"instock","17":"purchasable","18":"product-type-simple"},"jetpack_sharing_enabled":true,"_links":{"self":[{"href":"https:\/\/www.hypertera.com\/index.php?rest_route=\/wp\/v2\/product\/2099","targetHints":{"allow":["GET"]}}],"collection":[{"href":"https:\/\/www.hypertera.com\/index.php?rest_route=\/wp\/v2\/product"}],"about":[{"href":"https:\/\/www.hypertera.com\/index.php?rest_route=\/wp\/v2\/types\/product"}],"replies":[{"embeddable":true,"href":"https:\/\/www.hypertera.com\/index.php?rest_route=%2Fwp%2Fv2%2Fcomments&post=2099"}],"wp:featuredmedia":[{"embeddable":true,"href":"https:\/\/www.hypertera.com\/index.php?rest_route=\/wp\/v2\/media\/2100"}],"wp:attachment":[{"href":"https:\/\/www.hypertera.com\/index.php?rest_route=%2Fwp%2Fv2%2Fmedia&parent=2099"}],"wp:term":[{"taxonomy":"product_brand","embeddable":true,"href":"https:\/\/www.hypertera.com\/index.php?rest_route=%2Fwp%2Fv2%2Fproduct_brand&post=2099"},{"taxonomy":"product_cat","embeddable":true,"href":"https:\/\/www.hypertera.com\/index.php?rest_route=%2Fwp%2Fv2%2Fproduct_cat&post=2099"},{"taxonomy":"product_tag","embeddable":true,"href":"https:\/\/www.hypertera.com\/index.php?rest_route=%2Fwp%2Fv2%2Fproduct_tag&post=2099"}],"curies":[{"name":"wp","href":"https:\/\/api.w.org\/{rel}","templated":true}]}}