{"id":2034,"date":"2022-07-21T15:06:55","date_gmt":"2022-07-21T15:06:55","guid":{"rendered":"https:\/\/www.hypertera.com\/?product=naisten-kasilaukku-fashion-borse-beige"},"modified":"2022-07-21T15:06:59","modified_gmt":"2022-07-21T15:06:59","slug":"naisten-kasilaukku-fashion-borse-beige","status":"publish","type":"product","link":"https:\/\/www.hypertera.com\/?product=naisten-kasilaukku-fashion-borse-beige","title":{"rendered":"Naisten k\u00e4silaukku, Fashion Borse, beige"},"content":{"rendered":"<p>Tyylikk\u00e4\u00e4n pehme\u00e4 nahkainen naisten k\u00e4silaukku. Molemmissa p\u00e4\u00e4dyiss\u00e4 taskut. Sis\u00e4lt\u00e4 eritt\u00e4in tilava.<\/p>\n","protected":false},"excerpt":{"rendered":"<p>Fashion Borse k\u00e4silaukku<\/p>\n","protected":false},"featured_media":2035,"comment_status":"closed","ping_status":"closed","template":"","meta":[],"product_brand":[],"product_cat":[15],"product_tag":[583],"class_list":{"0":"post-2034","1":"product","2":"type-product","3":"status-publish","4":"has-post-thumbnail","6":"product_cat-uncategorized","7":"product_tag-naisten-kasilaukut","9":"first","10":"instock","11":"purchasable","12":"product-type-simple"},"jetpack_sharing_enabled":true,"_links":{"self":[{"href":"https:\/\/www.hypertera.com\/index.php?rest_route=\/wp\/v2\/product\/2034","targetHints":{"allow":["GET"]}}],"collection":[{"href":"https:\/\/www.hypertera.com\/index.php?rest_route=\/wp\/v2\/product"}],"about":[{"href":"https:\/\/www.hypertera.com\/index.php?rest_route=\/wp\/v2\/types\/product"}],"replies":[{"embeddable":true,"href":"https:\/\/www.hypertera.com\/index.php?rest_route=%2Fwp%2Fv2%2Fcomments&post=2034"}],"wp:featuredmedia":[{"embeddable":true,"href":"https:\/\/www.hypertera.com\/index.php?rest_route=\/wp\/v2\/media\/2035"}],"wp:attachment":[{"href":"https:\/\/www.hypertera.com\/index.php?rest_route=%2Fwp%2Fv2%2Fmedia&parent=2034"}],"wp:term":[{"taxonomy":"product_brand","embeddable":true,"href":"https:\/\/www.hypertera.com\/index.php?rest_route=%2Fwp%2Fv2%2Fproduct_brand&post=2034"},{"taxonomy":"product_cat","embeddable":true,"href":"https:\/\/www.hypertera.com\/index.php?rest_route=%2Fwp%2Fv2%2Fproduct_cat&post=2034"},{"taxonomy":"product_tag","embeddable":true,"href":"https:\/\/www.hypertera.com\/index.php?rest_route=%2Fwp%2Fv2%2Fproduct_tag&post=2034"}],"curies":[{"name":"wp","href":"https:\/\/api.w.org\/{rel}","templated":true}]}}