{"id":2028,"date":"2022-07-21T15:06:55","date_gmt":"2022-07-21T15:06:55","guid":{"rendered":"https:\/\/www.hypertera.com\/?product=naisten-kaulariipus-ristiriipus-markiisi-paallystetty"},"modified":"2022-07-21T15:06:56","modified_gmt":"2022-07-21T15:06:56","slug":"naisten-kaulariipus-ristiriipus-markiisi-paallystetty","status":"publish","type":"product","link":"https:\/\/www.hypertera.com\/?product=naisten-kaulariipus-ristiriipus-markiisi-paallystetty","title":{"rendered":"Naisten kaulariipus, Ristiriipus, markiisi p\u00e4\u00e4llystetty"},"content":{"rendered":"<p>Naisten kaunis ristiriipus, joka on koristeltu lasihelmin. Rhodium p\u00e4\u00e4llystetty.<\/p>\n","protected":false},"excerpt":{"rendered":"<p>Naisten kaulariipus, Ristiriipus, markiisi p\u00e4\u00e4llystetty<\/p>\n","protected":false},"featured_media":2029,"comment_status":"closed","ping_status":"closed","template":"","meta":[],"product_brand":[],"product_cat":[15],"product_tag":[581],"class_list":{"0":"post-2028","1":"product","2":"type-product","3":"status-publish","4":"has-post-thumbnail","6":"product_cat-uncategorized","7":"product_tag-naisten-kaulariipukset","9":"first","10":"instock","11":"purchasable","12":"product-type-simple"},"jetpack_sharing_enabled":true,"_links":{"self":[{"href":"https:\/\/www.hypertera.com\/index.php?rest_route=\/wp\/v2\/product\/2028","targetHints":{"allow":["GET"]}}],"collection":[{"href":"https:\/\/www.hypertera.com\/index.php?rest_route=\/wp\/v2\/product"}],"about":[{"href":"https:\/\/www.hypertera.com\/index.php?rest_route=\/wp\/v2\/types\/product"}],"replies":[{"embeddable":true,"href":"https:\/\/www.hypertera.com\/index.php?rest_route=%2Fwp%2Fv2%2Fcomments&post=2028"}],"wp:featuredmedia":[{"embeddable":true,"href":"https:\/\/www.hypertera.com\/index.php?rest_route=\/wp\/v2\/media\/2029"}],"wp:attachment":[{"href":"https:\/\/www.hypertera.com\/index.php?rest_route=%2Fwp%2Fv2%2Fmedia&parent=2028"}],"wp:term":[{"taxonomy":"product_brand","embeddable":true,"href":"https:\/\/www.hypertera.com\/index.php?rest_route=%2Fwp%2Fv2%2Fproduct_brand&post=2028"},{"taxonomy":"product_cat","embeddable":true,"href":"https:\/\/www.hypertera.com\/index.php?rest_route=%2Fwp%2Fv2%2Fproduct_cat&post=2028"},{"taxonomy":"product_tag","embeddable":true,"href":"https:\/\/www.hypertera.com\/index.php?rest_route=%2Fwp%2Fv2%2Fproduct_tag&post=2028"}],"curies":[{"name":"wp","href":"https:\/\/api.w.org\/{rel}","templated":true}]}}