{"id":1979,"date":"2022-07-21T15:05:46","date_gmt":"2022-07-21T15:05:46","guid":{"rendered":"https:\/\/www.hypertera.com\/?product=muovilasi-500-ml-kirkas-1-pss-25"},"modified":"2022-07-21T15:05:46","modified_gmt":"2022-07-21T15:05:46","slug":"muovilasi-500-ml-kirkas-1-pss-25","status":"publish","type":"product","link":"https:\/\/www.hypertera.com\/?product=muovilasi-500-ml-kirkas-1-pss-25","title":{"rendered":"Muovilasi, 500 ml, kirkas, 1 pss\/25"},"content":{"rendered":"<p>Kirkas muovilasi, 500ml, 25 kpl yhdess\u00e4 paketissa. Soveltuu erityisen hyvin mietojen alkoholijuomien ja virvoitusjuomien tarjoiluun. Soveltuu my\u00f6s oluttuopiksi. Myyd\u00e4\u00e4n pusseittain. Yhdess\u00e4 pussissa on 25 pikaria.<\/p>\n","protected":false},"excerpt":{"rendered":"<p>Huhtam\u00e4ki 500 ml kirkas Muovilasi, 1 pss\/25<\/p>\n","protected":false},"featured_media":1980,"comment_status":"closed","ping_status":"closed","template":"","meta":[],"product_brand":[],"product_cat":[218,195,16],"product_tag":[571],"class_list":{"0":"post-1979","1":"product","2":"type-product","3":"status-publish","4":"has-post-thumbnail","6":"product_cat-kertakayttoastiat","7":"product_cat-taloustarvikkeet","8":"product_cat-tuotteet","9":"product_tag-muovilasit","11":"first","12":"instock","13":"purchasable","14":"product-type-simple"},"jetpack_sharing_enabled":true,"_links":{"self":[{"href":"https:\/\/www.hypertera.com\/index.php?rest_route=\/wp\/v2\/product\/1979","targetHints":{"allow":["GET"]}}],"collection":[{"href":"https:\/\/www.hypertera.com\/index.php?rest_route=\/wp\/v2\/product"}],"about":[{"href":"https:\/\/www.hypertera.com\/index.php?rest_route=\/wp\/v2\/types\/product"}],"replies":[{"embeddable":true,"href":"https:\/\/www.hypertera.com\/index.php?rest_route=%2Fwp%2Fv2%2Fcomments&post=1979"}],"wp:featuredmedia":[{"embeddable":true,"href":"https:\/\/www.hypertera.com\/index.php?rest_route=\/wp\/v2\/media\/1980"}],"wp:attachment":[{"href":"https:\/\/www.hypertera.com\/index.php?rest_route=%2Fwp%2Fv2%2Fmedia&parent=1979"}],"wp:term":[{"taxonomy":"product_brand","embeddable":true,"href":"https:\/\/www.hypertera.com\/index.php?rest_route=%2Fwp%2Fv2%2Fproduct_brand&post=1979"},{"taxonomy":"product_cat","embeddable":true,"href":"https:\/\/www.hypertera.com\/index.php?rest_route=%2Fwp%2Fv2%2Fproduct_cat&post=1979"},{"taxonomy":"product_tag","embeddable":true,"href":"https:\/\/www.hypertera.com\/index.php?rest_route=%2Fwp%2Fv2%2Fproduct_tag&post=1979"}],"curies":[{"name":"wp","href":"https:\/\/api.w.org\/{rel}","templated":true}]}}